Last updated on 2023-03-29 11:52:15 CEST.
Flavor | Version | Tinstall | Tcheck | Ttotal | Status | Flags |
---|---|---|---|---|---|---|
r-devel-linux-x86_64-debian-clang | 0.1.0 | 4.14 | 87.55 | 91.69 | OK | |
r-devel-linux-x86_64-debian-gcc | 0.1.1 | 3.19 | 29.04 | 32.23 | OK | |
r-devel-linux-x86_64-fedora-clang | 0.1.1 | 47.36 | OK | |||
r-devel-linux-x86_64-fedora-gcc | 0.1.1 | 54.54 | OK | |||
r-devel-windows-x86_64 | 0.1.0 | 22.00 | 206.00 | 228.00 | OK | |
r-patched-linux-x86_64 | 0.1.0 | 2.72 | 83.68 | 86.40 | OK | |
r-release-linux-x86_64 | 0.1.0 | 2.61 | 83.50 | 86.11 | OK | |
r-release-macos-arm64 | 0.1.0 | 41.00 | OK | |||
r-release-macos-x86_64 | 0.1.0 | 52.00 | OK | |||
r-release-windows-x86_64 | 0.1.1 | 16.00 | 71.00 | 87.00 | OK | |
r-oldrel-macos-arm64 | 0.1.0 | 42.00 | OK | |||
r-oldrel-macos-x86_64 | 0.1.0 | 55.00 | OK | |||
r-oldrel-windows-ix86+x86_64 | 0.1.0 | 11.00 | 287.00 | 298.00 | NOTE |
Version: 0.1.0
Check: dependencies in R code
Result: NOTE
Initiating curl with CURL_SSL_BACKEND: openssl
Flavor: r-oldrel-windows-ix86+x86_64