CRAN Package Check Results for Package flashCard

Last updated on 2022-05-24 15:52:46 CEST.

Flavor Version Tinstall Tcheck Ttotal Status Flags
r-devel-linux-x86_64-debian-clang 0.1.0 2.03 38.45 40.48 NOTE
r-devel-linux-x86_64-debian-gcc 0.1.0 1.95 29.75 31.70 NOTE
r-devel-linux-x86_64-fedora-clang 0.1.0 48.70 NOTE
r-devel-linux-x86_64-fedora-gcc 0.1.0 48.27 NOTE
r-devel-windows-x86_64 0.1.0 11.00 58.00 69.00 NOTE
r-patched-linux-x86_64 0.1.0 1.90 36.91 38.81 NOTE
r-release-linux-x86_64 0.1.0 NOTE
r-release-macos-arm64 0.1.0 17.00 NOTE
r-release-macos-x86_64 0.1.0 26.00 NOTE
r-release-windows-x86_64 0.1.0 14.00 55.00 69.00 NOTE
r-oldrel-macos-arm64 0.1.0 24.00 NOTE
r-oldrel-macos-x86_64 0.1.0 29.00 NOTE
r-oldrel-windows-ix86+x86_64 0.1.0 7.00 44.00 51.00 NOTE

Check Details

Version: 0.1.0
Check: LazyData
Result: NOTE
     'LazyData' is specified without a 'data' directory
Flavors: r-devel-linux-x86_64-debian-clang, r-devel-linux-x86_64-debian-gcc, r-devel-linux-x86_64-fedora-clang, r-devel-linux-x86_64-fedora-gcc, r-devel-windows-x86_64, r-patched-linux-x86_64, r-release-linux-x86_64, r-release-macos-arm64, r-release-macos-x86_64, r-release-windows-x86_64, r-oldrel-macos-arm64, r-oldrel-macos-x86_64, r-oldrel-windows-ix86+x86_64