CRAN Package Check Results for Package flamingos

Last updated on 2021-12-03 00:48:41 CET.

Flavor Version Tinstall Tcheck Ttotal Status Flags
r-devel-linux-x86_64-debian-clang 0.1.0 65.11 165.12 230.23 OK
r-devel-linux-x86_64-debian-gcc 0.1.0 49.03 122.52 171.55 OK
r-devel-linux-x86_64-fedora-clang 0.1.0 305.61 NOTE
r-devel-linux-x86_64-fedora-gcc 0.1.0 288.21 OK
r-devel-windows-x86_64-new-UL 0.1.0 93.00 331.00 424.00 NOTE
r-devel-windows-x86_64-new-TK 0.1.0 OK
r-devel-windows-x86_64-old 0.1.0 88.00 190.00 278.00 NOTE
r-patched-linux-x86_64 0.1.0 55.95 162.50 218.45 OK
r-patched-solaris-x86 0.1.0 195.70 NOTE
r-release-linux-x86_64 0.1.0 57.23 162.89 220.12 OK
r-release-macos-arm64 0.1.0 NOTE
r-release-macos-x86_64 0.1.0 NOTE
r-release-windows-ix86+x86_64 0.1.0 167.00 296.00 463.00 NOTE
r-oldrel-macos-x86_64 0.1.0 NOTE
r-oldrel-windows-ix86+x86_64 0.1.0 163.00 280.00 443.00 NOTE

Check Details

Version: 0.1.0
Check: installed package size
Result: NOTE
     installed size is 7.2Mb
     sub-directories of 1Mb or more:
     doc 1.9Mb
     help 2.3Mb
     libs 2.6Mb
Flavors: r-devel-linux-x86_64-fedora-clang, r-devel-windows-x86_64-new-UL, r-devel-windows-x86_64-old, r-patched-solaris-x86, r-release-macos-arm64, r-release-macos-x86_64, r-release-windows-ix86+x86_64, r-oldrel-macos-x86_64, r-oldrel-windows-ix86+x86_64