CRAN Package Check Results for Package fizzbuzzR

Last updated on 2022-12-09 00:53:26 CET.

Flavor Version Tinstall Tcheck Ttotal Status Flags
r-devel-linux-x86_64-debian-clang 0.1.1 1.80 20.68 22.48 NOTE
r-devel-linux-x86_64-debian-gcc 0.1.1 1.55 17.06 18.61 NOTE
r-devel-linux-x86_64-fedora-clang 0.1.1 39.58 NOTE
r-devel-linux-x86_64-fedora-gcc 0.1.1 38.48 NOTE
r-devel-windows-x86_64 0.1.1 10.00 59.00 69.00 NOTE
r-patched-linux-x86_64 0.1.1 1.64 21.08 22.72 NOTE
r-release-linux-x86_64 0.1.1 1.33 21.21 22.54 NOTE
r-release-macos-arm64 0.1.1 14.00 NOTE
r-release-macos-x86_64 0.1.1 20.00 NOTE
r-release-windows-x86_64 0.1.1 4.00 47.00 51.00 NOTE
r-oldrel-macos-arm64 0.1.1 15.00 NOTE
r-oldrel-macos-x86_64 0.1.1 24.00 NOTE
r-oldrel-windows-ix86+x86_64 0.1.1 4.00 25.00 29.00 NOTE

Check Details

Version: 0.1.1
Check: LazyData
Result: NOTE
     'LazyData' is specified without a 'data' directory
Flavors: r-devel-linux-x86_64-debian-clang, r-devel-linux-x86_64-debian-gcc, r-devel-linux-x86_64-fedora-clang, r-devel-linux-x86_64-fedora-gcc, r-devel-windows-x86_64, r-patched-linux-x86_64, r-release-linux-x86_64, r-release-macos-arm64, r-release-macos-x86_64, r-release-windows-x86_64, r-oldrel-macos-arm64, r-oldrel-macos-x86_64, r-oldrel-windows-ix86+x86_64