CRAN Package Check Results for Package fixerapi

Last updated on 2022-09-29 01:50:44 CEST.

Flavor Version Tinstall Tcheck Ttotal Status Flags
r-devel-linux-x86_64-debian-clang 0.1.6 4.95 54.02 58.97 NOTE
r-devel-linux-x86_64-debian-gcc 0.1.6 4.43 40.82 45.25 NOTE
r-devel-linux-x86_64-fedora-clang 0.1.6 86.46 NOTE
r-devel-linux-x86_64-fedora-gcc 0.1.6 89.46 NOTE
r-devel-windows-x86_64 0.1.6 14.00 82.00 96.00 NOTE
r-patched-linux-x86_64 0.1.6 4.84 50.85 55.69 NOTE
r-release-linux-x86_64 0.1.6 3.99 50.37 54.36 NOTE
r-release-macos-arm64 0.1.6 23.00 NOTE
r-release-macos-x86_64 0.1.6 50.00 NOTE
r-release-windows-x86_64 0.1.6 12.00 82.00 94.00 NOTE
r-oldrel-macos-arm64 0.1.6 28.00 NOTE
r-oldrel-macos-x86_64 0.1.6 36.00 NOTE
r-oldrel-windows-ix86+x86_64 0.1.6 14.00 77.00 91.00 NOTE

Check Details

Version: 0.1.6
Check: LazyData
Result: NOTE
     'LazyData' is specified without a 'data' directory
Flavors: r-devel-linux-x86_64-debian-clang, r-devel-linux-x86_64-debian-gcc, r-devel-linux-x86_64-fedora-clang, r-devel-linux-x86_64-fedora-gcc, r-devel-windows-x86_64, r-patched-linux-x86_64, r-release-linux-x86_64, r-release-macos-arm64, r-release-macos-x86_64, r-release-windows-x86_64, r-oldrel-macos-arm64, r-oldrel-macos-x86_64, r-oldrel-windows-ix86+x86_64