Last updated on 2021-01-20 13:47:40 CET.
Flavor | Version | Tinstall | Tcheck | Ttotal | Status | Flags |
---|---|---|---|---|---|---|
r-devel-linux-x86_64-debian-clang | 0.6.1 | 8.76 | 59.20 | 67.96 | NOTE | |
r-devel-linux-x86_64-debian-gcc | 0.6.1 | 6.71 | 46.60 | 53.31 | NOTE | |
r-devel-linux-x86_64-fedora-clang | 0.6.1 | 90.88 | NOTE | |||
r-devel-linux-x86_64-fedora-gcc | 0.6.1 | 80.85 | NOTE | |||
r-devel-windows-ix86+x86_64 | 0.6.1 | 15.00 | 72.00 | 87.00 | NOTE | |
r-patched-linux-x86_64 | 0.6.1 | 7.75 | 58.21 | 65.96 | NOTE | |
r-patched-solaris-x86 | 0.6.1 | 112.20 | NOTE | |||
r-release-linux-x86_64 | 0.6.1 | 7.36 | 57.98 | 65.34 | NOTE | |
r-release-macos-x86_64 | 0.6.1 | NOTE | ||||
r-release-windows-ix86+x86_64 | 0.6.1 | 16.00 | 66.00 | 82.00 | NOTE | |
r-oldrel-macos-x86_64 | 0.6.1 | NOTE | ||||
r-oldrel-windows-ix86+x86_64 | 0.6.1 | 13.00 | 64.00 | 77.00 | NOTE |
Version: 0.6.1
Check: package dependencies
Result: NOTE
Package suggested but not available for checking: 'fivethirtyeightdata'
Flavors: r-devel-linux-x86_64-debian-clang, r-devel-linux-x86_64-debian-gcc, r-devel-linux-x86_64-fedora-clang, r-devel-linux-x86_64-fedora-gcc, r-devel-windows-ix86+x86_64, r-patched-linux-x86_64, r-patched-solaris-x86, r-release-linux-x86_64, r-release-macos-x86_64, r-release-windows-ix86+x86_64, r-oldrel-macos-x86_64, r-oldrel-windows-ix86+x86_64
Version: 0.6.1
Check: Rd cross-references
Result: NOTE
Package unavailable to check Rd xrefs: 'fivethirtyeightdata'
Flavors: r-devel-linux-x86_64-debian-clang, r-devel-linux-x86_64-debian-gcc, r-devel-linux-x86_64-fedora-clang, r-devel-linux-x86_64-fedora-gcc, r-devel-windows-ix86+x86_64, r-patched-linux-x86_64, r-patched-solaris-x86, r-release-linux-x86_64, r-release-macos-x86_64, r-release-windows-ix86+x86_64, r-oldrel-macos-x86_64, r-oldrel-windows-ix86+x86_64
Version: 0.6.1
Check: installed package size
Result: NOTE
installed size is 5.0Mb
sub-directories of 1Mb or more:
data 3.8Mb
Flavors: r-devel-linux-x86_64-fedora-clang, r-patched-solaris-x86
Version: 0.6.1
Check: data for non-ASCII characters
Result: NOTE
Note: found 584 marked UTF-8 strings
Flavors: r-devel-linux-x86_64-fedora-clang, r-devel-linux-x86_64-fedora-gcc, r-patched-solaris-x86, r-release-macos-x86_64, r-oldrel-macos-x86_64