CRAN Package Check Results for Package fitur

Last updated on 2020-10-27 18:51:22 CET.

Flavor Version Tinstall Tcheck Ttotal Status Flags
r-devel-linux-x86_64-debian-clang 0.6.1 8.96 108.43 117.39 OK
r-devel-linux-x86_64-debian-gcc 0.6.1 8.54 80.92 89.46 OK
r-devel-linux-x86_64-fedora-clang 0.6.1 149.74 NOTE
r-devel-linux-x86_64-fedora-gcc 0.6.1 136.23 NOTE
r-devel-windows-ix86+x86_64 0.6.1 27.00 129.00 156.00 OK
r-patched-linux-x86_64 0.6.1 OK
r-patched-solaris-x86 0.6.1 198.50 NOTE
r-release-linux-x86_64 0.6.1 8.94 98.67 107.61 OK
r-release-macos-x86_64 0.6.1 NOTE
r-release-windows-ix86+x86_64 0.6.1 17.00 99.00 116.00 OK
r-oldrel-macos-x86_64 0.6.1 NOTE
r-oldrel-windows-ix86+x86_64 0.6.1 21.00 123.00 144.00 OK

Check Details

Version: 0.6.1
Check: dependencies in R code
Result: NOTE
    Namespace in Imports field not imported from: ‘rstudioapi’
     All declared Imports should be used.
Flavors: r-devel-linux-x86_64-fedora-clang, r-devel-linux-x86_64-fedora-gcc, r-patched-solaris-x86, r-release-macos-x86_64, r-oldrel-macos-x86_64