Last updated on 2023-06-09 12:58:15 CEST.
Flavor | Version | Tinstall | Tcheck | Ttotal | Status | Flags |
---|---|---|---|---|---|---|
r-devel-linux-x86_64-debian-clang | 0.2.0 | 6.05 | 68.25 | 74.30 | NOTE | |
r-devel-linux-x86_64-debian-gcc | 0.2.0 | 6.24 | 51.59 | 57.83 | NOTE | |
r-devel-linux-x86_64-fedora-clang | 0.2.0 | 97.34 | NOTE | |||
r-devel-linux-x86_64-fedora-gcc | 0.2.0 | 89.79 | NOTE | |||
r-devel-windows-x86_64 | 0.2.0 | 8.00 | 69.00 | 77.00 | NOTE | |
r-patched-linux-x86_64 | 0.2.0 | 8.58 | 64.16 | 72.74 | NOTE | |
r-release-linux-x86_64 | 0.2.0 | 6.71 | 63.52 | 70.23 | NOTE | |
r-release-macos-arm64 | 0.2.0 | 34.00 | NOTE | |||
r-release-macos-x86_64 | 0.2.0 | 46.00 | NOTE | |||
r-release-windows-x86_64 | 0.2.0 | 11.00 | 79.00 | 90.00 | OK | |
r-oldrel-macos-arm64 | 0.2.0 | 32.00 | OK | |||
r-oldrel-macos-x86_64 | 0.2.0 | 56.00 | NOTE | |||
r-oldrel-windows-x86_64 | 0.2.0 | 10.00 | 84.00 | 94.00 | OK |
Version: 0.2.0
Check: package dependencies
Result: NOTE
Packages suggested but not available for checking:
'benchden', 'reliaR', 'STAR'
Flavors: r-devel-linux-x86_64-debian-clang, r-devel-linux-x86_64-debian-gcc, r-devel-linux-x86_64-fedora-clang, r-devel-linux-x86_64-fedora-gcc, r-devel-windows-x86_64, r-patched-linux-x86_64, r-release-linux-x86_64, r-release-macos-arm64, r-release-macos-x86_64
Version: 0.2.0
Check: package dependencies
Result: NOTE
Package suggested but not available for checking: ‘reliaR’
Flavor: r-oldrel-macos-x86_64