CRAN Package Check Results for Package fitteR

Last updated on 2022-05-19 20:49:00 CEST.

Flavor Version Tinstall Tcheck Ttotal Status Flags
r-devel-linux-x86_64-debian-clang 0.2.0 7.83 87.15 94.98 NOTE
r-devel-linux-x86_64-debian-gcc 0.2.0 6.33 64.83 71.16 NOTE
r-devel-linux-x86_64-fedora-clang 0.2.0 119.82 NOTE
r-devel-linux-x86_64-fedora-gcc 0.2.0 114.76 NOTE
r-devel-windows-x86_64 0.2.0 16.00 102.00 118.00 OK
r-patched-linux-x86_64 0.2.0 6.68 81.65 88.33 NOTE
r-release-linux-x86_64 0.2.0 5.92 81.49 87.41 NOTE
r-release-macos-arm64 0.2.0 32.00 OK
r-release-macos-x86_64 0.2.0 56.00 NOTE
r-release-windows-x86_64 0.2.0 15.00 94.00 109.00 OK
r-oldrel-macos-arm64 0.2.0 28.00 OK
r-oldrel-macos-x86_64 0.2.0 42.00 OK
r-oldrel-windows-ix86+x86_64 0.2.0 20.00 100.00 120.00 OK

Check Details

Version: 0.2.0
Check: package dependencies
Result: NOTE
    Packages suggested but not available for checking: 'benchden', 'reliaR'
Flavors: r-devel-linux-x86_64-debian-clang, r-devel-linux-x86_64-debian-gcc, r-devel-linux-x86_64-fedora-clang, r-devel-linux-x86_64-fedora-gcc, r-patched-linux-x86_64, r-release-linux-x86_64

Version: 0.2.0
Check: package dependencies
Result: NOTE
    Package suggested but not available for checking: ‘reliaR’
Flavor: r-release-macos-x86_64