Last updated on 2023-11-30 02:52:24 CET.
Flavor | Version | Tinstall | Tcheck | Ttotal | Status | Flags |
---|---|---|---|---|---|---|
r-devel-linux-x86_64-debian-clang | 0.2-6 | 16.47 | 134.00 | 150.47 | NOTE | |
r-devel-linux-x86_64-debian-gcc | 0.2-6 | 12.67 | 100.58 | 113.25 | NOTE | |
r-devel-linux-x86_64-fedora-clang | 0.2-6 | 184.49 | OK | |||
r-devel-linux-x86_64-fedora-gcc | 0.2-6 | 185.25 | OK | |||
r-devel-windows-x86_64 | 0.2-6 | 15.00 | 119.00 | 134.00 | OK | |
r-patched-linux-x86_64 | 0.2-6 | 10.21 | 126.24 | 136.45 | OK | |
r-release-linux-x86_64 | 0.2-6 | 9.88 | 128.32 | 138.20 | OK | |
r-release-macos-arm64 | 0.2-6 | 73.00 | OK | |||
r-release-macos-x86_64 | 0.2-6 | 166.00 | OK | |||
r-release-windows-x86_64 | 0.2-6 | 18.00 | 143.00 | 161.00 | OK | |
r-oldrel-macos-arm64 | 0.2-6 | 62.00 | ERROR | |||
r-oldrel-macos-x86_64 | 0.2-6 | 90.00 | ERROR | |||
r-oldrel-windows-x86_64 | 0.2-6 | 19.00 | 144.00 | 163.00 | OK |
Version: 0.2-6
Check: Rd files
Result: NOTE
checkRd: (-1) fitDist.Rd:47: Lost braces in \itemize; meant \describe ?
checkRd: (-1) fitDist.Rd:48: Lost braces in \itemize; meant \describe ?
checkRd: (-1) fitDist.Rd:49: Lost braces in \itemize; meant \describe ?
checkRd: (-1) fitDist.Rd:50: Lost braces in \itemize; meant \describe ?
checkRd: (-1) fitDist.Rd:51-52: Lost braces in \itemize; meant \describe ?
checkRd: (-1) fitDist.Rd:53: Lost braces in \itemize; meant \describe ?
checkRd: (-1) fitZIDist.Rd:52: Lost braces in \itemize; meant \describe ?
checkRd: (-1) fitZIDist.Rd:53: Lost braces in \itemize; meant \describe ?
checkRd: (-1) fitZIDist.Rd:54: Lost braces in \itemize; meant \describe ?
checkRd: (-1) fitZIDist.Rd:55: Lost braces in \itemize; meant \describe ?
checkRd: (-1) fitZIDist.Rd:56: Lost braces in \itemize; meant \describe ?
checkRd: (-1) fitZIDist.Rd:57-58: Lost braces in \itemize; meant \describe ?
checkRd: (-1) fitZIDist.Rd:59: Lost braces in \itemize; meant \describe ?
checkRd: (-1) readData.Rd:24: Lost braces in \itemize; \value handles \item{}{} directly
checkRd: (-1) readData.Rd:25-27: Lost braces in \itemize; \value handles \item{}{} directly
checkRd: (-1) readData.Rd:28-30: Lost braces in \itemize; \value handles \item{}{} directly
Flavors: r-devel-linux-x86_64-debian-clang, r-devel-linux-x86_64-debian-gcc
Version: 0.2-6
Check: PDF version of manual
Result: WARN
LaTeX errors when creating PDF version.
This typically indicates Rd problems.
LaTeX errors found:
! Misplaced alignment tab character &.
<argument> ...} \pi + \frac {(1-\pi )}{\zeta (s)}&
,k=0, \\ \frac {(1-\pi )k^...
l.512 }{}
! Misplaced alignment tab character &.
<argument> ...\ \frac {(1-\pi )k^{-s}}{\zeta (s)}&
,k=1,2,\ldots \end {cases}
l.512 }{}
Flavors: r-oldrel-macos-arm64, r-oldrel-macos-x86_64
Version: 0.2-6
Check: PDF version of manual without index
Result: ERROR
Flavors: r-oldrel-macos-arm64, r-oldrel-macos-x86_64