CRAN Package Check Results for Package fitODBOD

Last updated on 2019-04-26 06:47:37 CEST.

Flavor Version Tinstall Tcheck Ttotal Status Flags
r-devel-linux-x86_64-debian-clang 1.2.0 6.26 68.43 74.69 OK
r-devel-linux-x86_64-debian-gcc 1.2.0 6.32 51.77 58.09 OK
r-devel-linux-x86_64-fedora-clang 1.2.0 86.76 OK
r-devel-linux-x86_64-fedora-gcc 1.2.0 82.74 OK
r-devel-windows-ix86+x86_64 1.2.0 15.00 115.00 130.00 OK
r-patched-linux-x86_64 1.2.0 6.70 67.71 74.41 OK
r-patched-solaris-x86 1.2.0 112.80 OK
r-release-linux-x86_64 1.2.0 5.31 64.87 70.18 OK
r-release-windows-ix86+x86_64 1.2.0 13.00 109.00 122.00 OK
r-release-osx-x86_64 1.2.0 OK
r-oldrel-windows-ix86+x86_64 1.1.0 6.00 98.00 104.00 OK
r-oldrel-osx-x86_64 1.2.0 ERROR

Check Details

Version: 1.2.0
Check: whether package can be installed
Result: ERROR
    Installation failed.
Flavor: r-oldrel-osx-x86_64