CRAN Package Check Results for Package fishtree

Last updated on 2024-03-03 12:52:48 CET.

Flavor Version Tinstall Tcheck Ttotal Status Flags
r-devel-linux-x86_64-debian-clang 0.3.4 2.69 40.75 43.44 NOTE
r-devel-linux-x86_64-debian-gcc 0.3.4 2.30 31.68 33.98 NOTE
r-devel-linux-x86_64-fedora-clang 0.3.4 55.12 NOTE
r-devel-linux-x86_64-fedora-gcc 0.3.4 63.63 NOTE
r-devel-windows-x86_64 0.3.4 4.00 55.00 59.00 NOTE
r-patched-linux-x86_64 0.3.4 2.49 39.63 42.12 NOTE
r-release-linux-x86_64 0.3.4 2.46 39.57 42.03 NOTE
r-release-macos-arm64 0.3.4 29.00 NOTE
r-release-macos-x86_64 0.3.4 47.00 NOTE
r-release-windows-x86_64 0.3.4 5.00 57.00 62.00 NOTE
r-oldrel-macos-arm64 0.3.4 22.00 NOTE
r-oldrel-windows-x86_64 0.3.4 5.00 60.00 65.00 NOTE

Check Details

Version: 0.3.4
Check: LazyData
Result: NOTE 'LazyData' is specified without a 'data' directory Flavors: r-devel-linux-x86_64-debian-clang, r-devel-linux-x86_64-debian-gcc, r-devel-linux-x86_64-fedora-clang, r-devel-linux-x86_64-fedora-gcc, r-devel-windows-x86_64, r-patched-linux-x86_64, r-release-linux-x86_64, r-release-macos-arm64, r-release-macos-x86_64, r-release-windows-x86_64, r-oldrel-macos-arm64, r-oldrel-windows-x86_64