CRAN Package Check Results for Package firebase

Last updated on 2022-06-25 20:50:16 CEST.

Flavor Version Tinstall Tcheck Ttotal Status Flags
r-devel-linux-x86_64-debian-clang 1.0.1 12.00 44.88 56.88 OK
r-devel-linux-x86_64-debian-gcc 1.0.1 9.48 34.63 44.11 OK
r-devel-linux-x86_64-fedora-clang 1.0.1 80.63 NOTE
r-devel-linux-x86_64-fedora-gcc 1.0.1 80.63 NOTE
r-devel-windows-x86_64 1.0.1 41.00 73.00 114.00 OK
r-patched-linux-x86_64 1.0.1 11.31 43.42 54.73 OK
r-release-linux-x86_64 1.0.1 12.60 43.30 55.90 OK
r-release-macos-arm64 1.0.1 24.00 NOTE
r-release-macos-x86_64 1.0.1 42.00 NOTE
r-release-windows-x86_64 1.0.1 34.00 74.00 108.00 OK
r-oldrel-macos-arm64 1.0.1 19.00 NOTE
r-oldrel-macos-x86_64 1.0.1 32.00 NOTE
r-oldrel-windows-ix86+x86_64 1.0.1 25.00 64.00 89.00 OK

Check Details

Version: 1.0.1
Check: dependencies in R code
Result: NOTE
    Namespace in Imports field not imported from: ‘R6’
     All declared Imports should be used.
Flavors: r-devel-linux-x86_64-fedora-clang, r-devel-linux-x86_64-fedora-gcc, r-release-macos-arm64, r-release-macos-x86_64, r-oldrel-macos-arm64, r-oldrel-macos-x86_64