CRAN Package Check Results for Package firebase

Last updated on 2020-07-05 08:48:32 CEST.

Flavor Version Tinstall Tcheck Ttotal Status Flags
r-devel-linux-x86_64-debian-clang 0.1.0 7.69 30.72 38.41 OK
r-devel-linux-x86_64-debian-gcc 0.1.0 6.35 24.68 31.03 OK
r-devel-linux-x86_64-fedora-clang 0.1.0 55.15 NOTE
r-devel-linux-x86_64-fedora-gcc 0.1.0 46.36 NOTE
r-devel-windows-ix86+x86_64 0.1.0 19.00 64.00 83.00 OK
r-patched-linux-x86_64 0.1.0 8.22 31.00 39.22 OK
r-patched-solaris-x86 0.1.0 70.10 NOTE
r-release-linux-x86_64 0.1.0 7.24 30.93 38.17 OK
r-release-osx-x86_64 0.1.0 NOTE
r-release-windows-ix86+x86_64 0.1.0 13.00 65.00 78.00 OK
r-oldrel-osx-x86_64 0.1.0 NOTE
r-oldrel-windows-ix86+x86_64 0.1.0 37.00 66.00 103.00 OK

Check Details

Version: 0.1.0
Check: dependencies in R code
Result: NOTE
    Namespace in Imports field not imported from: ‘R6’
     All declared Imports should be used.
Flavors: r-devel-linux-x86_64-fedora-clang, r-devel-linux-x86_64-fedora-gcc, r-patched-solaris-x86, r-release-osx-x86_64, r-oldrel-osx-x86_64