CRAN Package Check Results for Package firebase

Last updated on 2021-12-05 23:52:14 CET.

Flavor Version Tinstall Tcheck Ttotal Status Flags
r-devel-linux-x86_64-debian-clang 0.2.1 9.94 42.55 52.49 OK
r-devel-linux-x86_64-debian-gcc 0.2.1 7.16 34.30 41.46 OK
r-devel-linux-x86_64-fedora-clang 0.2.1 65.39 NOTE
r-devel-linux-x86_64-fedora-gcc 0.2.1 53.13 NOTE
r-devel-windows-x86_64-new-UL 0.2.1 18.00 73.00 91.00 OK
r-devel-windows-x86_64-new-TK 0.2.1 NOTE
r-devel-windows-x86_64-old 0.2.1 17.00 44.00 61.00 OK
r-patched-linux-x86_64 0.2.1 8.07 33.59 41.66 OK
r-release-linux-x86_64 0.2.1 8.47 41.12 49.59 OK
r-release-macos-arm64 0.2.1 NOTE
r-release-macos-x86_64 0.2.1 NOTE
r-release-windows-ix86+x86_64 0.2.1 17.00 56.00 73.00 OK
r-oldrel-macos-x86_64 0.2.1 NOTE
r-oldrel-windows-ix86+x86_64 0.2.1 17.00 55.00 72.00 OK

Check Details

Version: 0.2.1
Check: dependencies in R code
Result: NOTE
    Namespaces in Imports field not imported from:
     ‘R6’ ‘jose’ ‘openssl’
     All declared Imports should be used.
Flavors: r-devel-linux-x86_64-fedora-clang, r-devel-linux-x86_64-fedora-gcc, r-devel-windows-x86_64-new-TK, r-release-macos-arm64, r-release-macos-x86_64, r-oldrel-macos-x86_64