CRAN Package Check Results for Package fipp

Last updated on 2021-12-08 09:53:29 CET.

Flavor Version Tinstall Tcheck Ttotal Status Flags
r-devel-linux-x86_64-debian-clang 1.0.0 27.34 75.68 103.02 NOTE
r-devel-linux-x86_64-debian-gcc 1.0.0 19.32 55.96 75.28 NOTE
r-devel-linux-x86_64-fedora-clang 1.0.0 137.57 NOTE
r-devel-linux-x86_64-fedora-gcc 1.0.0 123.17 NOTE
r-devel-windows-x86_64-new-UL 1.0.0 41.00 136.00 177.00 NOTE
r-devel-windows-x86_64-new-TK 1.0.0 NOTE
r-devel-windows-x86_64-old 1.0.0 39.00 107.00 146.00 NOTE
r-patched-linux-x86_64 1.0.0 22.52 72.29 94.81 NOTE
r-release-linux-x86_64 1.0.0 27.04 72.12 99.16 NOTE
r-release-macos-arm64 1.0.0 NOTE
r-release-macos-x86_64 1.0.0 NOTE
r-release-windows-ix86+x86_64 1.0.0 51.00 117.00 168.00 NOTE
r-oldrel-macos-x86_64 1.0.0 OK
r-oldrel-windows-ix86+x86_64 1.0.0 71.00 116.00 187.00 OK

Check Details

Version: 1.0.0
Check: LazyData
Result: NOTE
     'LazyData' is specified without a 'data' directory
Flavors: r-devel-linux-x86_64-debian-clang, r-devel-linux-x86_64-debian-gcc, r-devel-linux-x86_64-fedora-clang, r-devel-linux-x86_64-fedora-gcc, r-devel-windows-x86_64-new-UL, r-devel-windows-x86_64-new-TK, r-devel-windows-x86_64-old, r-patched-linux-x86_64, r-release-linux-x86_64, r-release-macos-arm64, r-release-macos-x86_64, r-release-windows-ix86+x86_64