CRAN Package Check Results for Package fingraph

Last updated on 2023-06-02 09:57:25 CEST.

Flavor Version Tinstall Tcheck Ttotal Status Flags
r-devel-linux-x86_64-debian-clang 0.1.0 3.03 41.23 44.26 OK
r-devel-linux-x86_64-debian-gcc 0.1.0 2.46 32.19 34.65 OK
r-devel-linux-x86_64-fedora-clang 0.1.0 50.50 NOTE
r-devel-linux-x86_64-fedora-gcc 0.1.0 48.10 NOTE
r-devel-windows-x86_64 0.1.0 5.00 48.00 53.00 OK
r-patched-linux-x86_64 0.1.0 OK
r-release-linux-x86_64 0.1.0 3.21 39.57 42.78 OK
r-release-macos-arm64 0.1.0 21.00 OK
r-release-macos-x86_64 0.1.0 27.00 OK
r-release-windows-x86_64 0.1.0 5.00 49.00 54.00 OK
r-oldrel-macos-arm64 0.1.0 20.00 OK
r-oldrel-macos-x86_64 0.1.0 29.00 OK
r-oldrel-windows-x86_64 0.1.0 5.00 58.00 63.00 OK

Check Details

Version: 0.1.0
Check: dependencies in R code
Result: NOTE
    Namespace in Imports field not imported from: ‘mvtnorm’
     All declared Imports should be used.
Flavors: r-devel-linux-x86_64-fedora-clang, r-devel-linux-x86_64-fedora-gcc