Last updated on 2022-06-28 22:49:28 CEST.
Flavor | Version | Tinstall | Tcheck | Ttotal | Status | Flags |
---|---|---|---|---|---|---|
r-devel-linux-x86_64-debian-clang | 0.2.0 | 18.53 | 304.84 | 323.37 | OK | |
r-devel-linux-x86_64-debian-gcc | 0.2.0 | 14.79 | 223.01 | 237.80 | OK | |
r-devel-linux-x86_64-fedora-clang | 0.2.0 | 382.11 | NOTE | |||
r-devel-linux-x86_64-fedora-gcc | 0.2.0 | 409.01 | NOTE | |||
r-devel-windows-x86_64 | 0.2.0 | 36.00 | 318.00 | 354.00 | OK | |
r-patched-linux-x86_64 | 0.2.0 | 19.71 | 285.96 | 305.67 | OK | |
r-release-linux-x86_64 | 0.2.0 | 10.96 | 284.55 | 295.51 | OK | |
r-release-macos-arm64 | 0.2.0 | 102.00 | NOTE | |||
r-release-macos-x86_64 | 0.2.0 | 162.00 | NOTE | |||
r-release-windows-x86_64 | 0.2.0 | 38.00 | 303.00 | 341.00 | OK | |
r-oldrel-macos-arm64 | 0.2.0 | 69.00 | NOTE | |||
r-oldrel-macos-x86_64 | 0.2.0 | 121.00 | NOTE | |||
r-oldrel-windows-ix86+x86_64 | 0.2.0 | 37.00 | 338.00 | 375.00 | OK |
Version: 0.2.0
Check: dependencies in R code
Result: NOTE
Namespace in Imports field not imported from: ‘vctrs’
All declared Imports should be used.
Flavors: r-devel-linux-x86_64-fedora-clang, r-devel-linux-x86_64-fedora-gcc, r-release-macos-arm64, r-release-macos-x86_64, r-oldrel-macos-arm64, r-oldrel-macos-x86_64