Last updated on 2023-11-29 11:01:34 CET.
Flavor | Version | Tinstall | Tcheck | Ttotal | Status | Flags |
---|---|---|---|---|---|---|
r-devel-linux-x86_64-debian-clang | 0.1.2 | 15.21 | 56.85 | 72.06 | OK | |
r-devel-linux-x86_64-debian-gcc | 0.1.2 | 11.76 | 44.67 | 56.43 | OK | |
r-devel-linux-x86_64-fedora-clang | 0.1.2 | 90.90 | NOTE | |||
r-devel-linux-x86_64-fedora-gcc | 0.1.2 | 99.11 | NOTE | |||
r-devel-windows-x86_64 | 0.1.2 | 30.00 | 80.00 | 110.00 | OK | |
r-patched-linux-x86_64 | 0.1.2 | 14.13 | 55.97 | 70.10 | OK | |
r-release-linux-x86_64 | 0.1.2 | 10.53 | 55.36 | 65.89 | OK | |
r-release-macos-arm64 | 0.1.2 | 52.00 | NOTE | |||
r-release-macos-x86_64 | 0.1.2 | 90.00 | NOTE | |||
r-release-windows-x86_64 | 0.1.2 | 39.00 | 94.00 | 133.00 | OK | |
r-oldrel-macos-arm64 | 0.1.2 | 53.00 | NOTE | |||
r-oldrel-macos-x86_64 | 0.1.2 | 60.00 | OK | |||
r-oldrel-windows-x86_64 | 0.1.2 | 39.00 | 101.00 | 140.00 | OK |
Version: 0.1.2
Check: data for non-ASCII characters
Result: NOTE
Note: found 222 marked UTF-8 strings
Flavors: r-devel-linux-x86_64-fedora-clang, r-devel-linux-x86_64-fedora-gcc
Version: 0.1.2
Check: installed package size
Result: NOTE
installed size is 5.5Mb
sub-directories of 1Mb or more:
data 2.4Mb
extdata 2.8Mb
Flavors: r-release-macos-arm64, r-release-macos-x86_64, r-oldrel-macos-arm64