Last updated on 2023-10-03 01:04:50 CEST.
Flavor | Version | Tinstall | Tcheck | Ttotal | Status | Flags |
---|---|---|---|---|---|---|
r-devel-linux-x86_64-debian-clang | 1.0.6 | 23.67 | 525.09 | 548.76 | NOTE | |
r-devel-linux-x86_64-debian-gcc | 1.0.6 | 15.66 | 391.43 | 407.09 | NOTE | |
r-devel-linux-x86_64-fedora-clang | 1.0.6 | 645.65 | NOTE | |||
r-devel-linux-x86_64-fedora-gcc | 1.0.6 | 654.50 | NOTE | |||
r-devel-windows-x86_64 | 1.0.6 | 20.00 | 427.00 | 447.00 | NOTE | |
r-patched-linux-x86_64 | 1.0.6 | 22.15 | 510.58 | 532.73 | OK | |
r-release-linux-x86_64 | 1.0.6 | 18.25 | 510.65 | 528.90 | OK | |
r-release-macos-arm64 | 1.0.6 | 230.00 | NOTE | |||
r-release-macos-x86_64 | 1.0.6 | 332.00 | NOTE | |||
r-release-windows-x86_64 | 1.0.6 | 29.00 | 532.00 | 561.00 | NOTE | |
r-oldrel-macos-arm64 | 1.0.6 | 156.00 | NOTE | |||
r-oldrel-macos-x86_64 | 1.0.6 | 242.00 | NOTE | |||
r-oldrel-windows-x86_64 | 1.0.6 | 25.00 | 538.00 | 563.00 | NOTE |
Version: 1.0.6
Check: Rd \usage sections
Result: NOTE
Documented arguments not in \usage in documentation object 'print.data.frame.ff':
‘.data’
Functions with \usage entries need to have the appropriate \alias
entries, and all their arguments documented.
The \usage entries must correspond to syntactically valid R code.
See chapter ‘Writing R documentation files’ in the ‘Writing R
Extensions’ manual.
Flavors: r-devel-linux-x86_64-debian-clang, r-devel-linux-x86_64-debian-gcc, r-devel-linux-x86_64-fedora-clang, r-devel-linux-x86_64-fedora-gcc, r-devel-windows-x86_64
Version: 1.0.6
Check: installed package size
Result: NOTE
installed size is 5.6Mb
sub-directories of 1Mb or more:
doc 4.9Mb
Flavors: r-devel-linux-x86_64-fedora-clang, r-devel-windows-x86_64, r-release-macos-arm64, r-release-macos-x86_64, r-release-windows-x86_64, r-oldrel-macos-arm64, r-oldrel-macos-x86_64, r-oldrel-windows-x86_64
Version: 1.0.6
Check: dependencies in R code
Result: NOTE
Namespace in Imports field not imported from: ‘tidyselect’
All declared Imports should be used.
Flavors: r-devel-linux-x86_64-fedora-clang, r-devel-linux-x86_64-fedora-gcc