CRAN Package Check Results for Package finalfit

Last updated on 2019-04-24 14:47:24 CEST.

Flavor Version Tinstall Tcheck Ttotal Status Flags
r-devel-linux-x86_64-debian-clang 0.9.1 13.60 231.08 244.68 OK
r-devel-linux-x86_64-debian-gcc 0.9.1 10.84 171.92 182.76 OK
r-devel-linux-x86_64-fedora-clang 0.9.1 287.47 NOTE
r-devel-linux-x86_64-fedora-gcc 0.9.1 272.67 NOTE
r-devel-windows-ix86+x86_64 0.9.1 44.00 259.00 303.00 OK
r-patched-linux-x86_64 0.9.1 13.48 222.03 235.51 OK
r-patched-solaris-x86 0.9.1 406.80 NOTE
r-release-linux-x86_64 0.9.1 10.06 203.35 213.41 OK
r-release-windows-ix86+x86_64 0.9.1 20.00 314.00 334.00 OK
r-release-osx-x86_64 0.9.1 NOTE
r-oldrel-windows-ix86+x86_64 0.9.1 26.00 271.00 297.00 OK
r-oldrel-osx-x86_64 0.9.1 NOTE

Check Details

Version: 0.9.1
Check: dependencies in R code
Result: NOTE
    Namespace in Imports field not imported from: ‘readr’
     All declared Imports should be used.
Flavors: r-devel-linux-x86_64-fedora-clang, r-devel-linux-x86_64-fedora-gcc, r-patched-solaris-x86, r-release-osx-x86_64, r-oldrel-osx-x86_64