CRAN Package Check Results for Package finalfit

Last updated on 2021-10-28 18:51:11 CEST.

Flavor Version Tinstall Tcheck Ttotal Status Flags
r-devel-linux-x86_64-debian-clang 1.0.3 14.92 316.42 331.34 OK
r-devel-linux-x86_64-debian-gcc 1.0.3 10.61 234.07 244.68 OK
r-devel-linux-x86_64-fedora-clang 1.0.3 388.22 OK
r-devel-linux-x86_64-fedora-gcc 1.0.3 385.62 OK
r-devel-windows-x86_64 1.0.3 24.00 409.00 433.00 OK
r-devel-windows-x86_64-gcc10-UCRT 1.0.3 OK
r-patched-linux-x86_64 1.0.3 19.72 329.11 348.83 OK
r-patched-solaris-x86 1.0.3 550.60 NOTE
r-release-linux-x86_64 1.0.3 12.03 327.71 339.74 OK
r-release-macos-arm64 1.0.3 OK
r-release-macos-x86_64 1.0.3 OK
r-release-windows-ix86+x86_64 1.0.3 21.00 428.00 449.00 OK
r-oldrel-macos-x86_64 1.0.3 OK
r-oldrel-windows-ix86+x86_64 1.0.3 24.00 347.00 371.00 OK

Check Details

Version: 1.0.3
Check: installed package size
Result: NOTE
     installed size is 5.3Mb
     sub-directories of 1Mb or more:
     doc 4.5Mb
Flavor: r-patched-solaris-x86