CRAN Package Check Results for Package finalfit

Last updated on 2020-01-25 06:51:09 CET.

Flavor Version Tinstall Tcheck Ttotal Status Flags
r-devel-linux-x86_64-debian-clang 0.9.7 18.20 293.01 311.21 OK
r-devel-linux-x86_64-debian-gcc 0.9.7 15.69 216.85 232.54 OK
r-devel-linux-x86_64-fedora-clang 0.9.7 377.72 NOTE
r-devel-linux-x86_64-fedora-gcc 0.9.7 375.87 OK
r-devel-windows-ix86+x86_64 0.9.7 69.00 427.00 496.00 OK
r-devel-windows-ix86+x86_64-gcc8 0.9.7 63.00 339.00 402.00 OK
r-patched-linux-x86_64 0.9.7 14.18 260.66 274.84 OK
r-patched-solaris-x86 0.9.7 471.60 NOTE
r-release-linux-x86_64 0.9.7 14.05 258.82 272.87 OK
r-release-windows-ix86+x86_64 0.9.7 37.00 304.00 341.00 OK
r-release-osx-x86_64 0.9.7 OK
r-oldrel-windows-ix86+x86_64 0.9.7 25.00 266.00 291.00 OK
r-oldrel-osx-x86_64 0.9.7 OK

Check Details

Version: 0.9.7
Check: package dependencies
Result: NOTE
    Imports includes 21 non-default packages.
    Importing from so many packages makes the package vulnerable to any of
    them becoming unavailable. Move as many as possible to Suggests and
    use conditionally.
Flavor: r-devel-linux-x86_64-fedora-clang

Version: 0.9.7
Check: installed package size
Result: NOTE
     installed size is 5.1Mb
     sub-directories of 1Mb or more:
     doc 4.3Mb
Flavor: r-patched-solaris-x86