Last updated on 2021-02-25 01:49:30 CET.
Flavor | Version | Tinstall | Tcheck | Ttotal | Status | Flags |
---|---|---|---|---|---|---|
r-devel-linux-x86_64-debian-clang | 1.0.2 | 14.96 | 333.97 | 348.93 | OK | |
r-devel-linux-x86_64-debian-gcc | 1.0.2 | 11.09 | 247.90 | 258.99 | OK | |
r-devel-linux-x86_64-fedora-clang | 1.0.2 | 433.79 | OK | |||
r-devel-linux-x86_64-fedora-gcc | 1.0.2 | 434.47 | OK | |||
r-devel-windows-ix86+x86_64 | 1.0.2 | 22.00 | 308.00 | 330.00 | OK | |
r-patched-linux-x86_64 | 1.0.2 | 14.16 | 327.96 | 342.12 | OK | |
r-patched-solaris-x86 | 1.0.2 | 566.50 | NOTE | |||
r-release-linux-x86_64 | 1.0.2 | 13.51 | 328.66 | 342.17 | OK | |
r-release-macos-x86_64 | 1.0.2 | OK | ||||
r-release-windows-ix86+x86_64 | 1.0.2 | 34.00 | 440.00 | 474.00 | OK | |
r-oldrel-macos-x86_64 | 1.0.2 | OK | ||||
r-oldrel-windows-ix86+x86_64 | 1.0.2 | 19.00 | 423.00 | 442.00 | OK |
Version: 1.0.2
Check: installed package size
Result: NOTE
installed size is 5.3Mb
sub-directories of 1Mb or more:
doc 4.5Mb
Flavor: r-patched-solaris-x86