CRAN Package Check Results for Package finalfit

Last updated on 2022-10-07 21:51:05 CEST.

Flavor Version Tinstall Tcheck Ttotal Status Flags
r-devel-linux-x86_64-debian-clang 1.0.5 18.62 399.26 417.88 OK
r-devel-linux-x86_64-debian-gcc 1.0.5 11.79 294.84 306.63 OK
r-devel-linux-x86_64-fedora-clang 1.0.5 547.27 NOTE
r-devel-linux-x86_64-fedora-gcc 1.0.5 489.84 NOTE
r-devel-windows-x86_64 1.0.5 75.00 496.00 571.00 OK
r-patched-linux-x86_64 1.0.5 24.09 370.79 394.88 OK
r-release-linux-x86_64 1.0.5 11.40 373.99 385.39 OK
r-release-macos-arm64 1.0.5 162.00 NOTE
r-release-macos-x86_64 1.0.5 204.00 NOTE
r-release-windows-x86_64 1.0.5 75.00 455.00 530.00 OK
r-oldrel-macos-arm64 1.0.5 171.00 NOTE
r-oldrel-macos-x86_64 1.0.5 216.00 NOTE
r-oldrel-windows-ix86+x86_64 1.0.5 36.00 481.00 517.00 OK

Check Details

Version: 1.0.5
Check: dependencies in R code
Result: NOTE
    Namespace in Imports field not imported from: ‘tidyselect’
     All declared Imports should be used.
Flavors: r-devel-linux-x86_64-fedora-clang, r-devel-linux-x86_64-fedora-gcc, r-release-macos-arm64, r-release-macos-x86_64, r-oldrel-macos-arm64, r-oldrel-macos-x86_64