CRAN Package Check Results for Package finalfit

Last updated on 2019-08-24 02:48:32 CEST.

Flavor Version Tinstall Tcheck Ttotal Status Flags
r-devel-linux-x86_64-debian-clang 0.9.4 14.57 261.86 276.43 OK
r-devel-linux-x86_64-debian-gcc 0.9.4 12.50 198.84 211.34 OK
r-devel-linux-x86_64-fedora-clang 0.9.4 319.10 NOTE
r-devel-linux-x86_64-fedora-gcc 0.9.4 319.13 NOTE
r-devel-windows-ix86+x86_64 0.9.4 35.00 298.00 333.00 OK
r-patched-linux-x86_64 0.9.4 13.20 251.69 264.89 OK
r-patched-solaris-x86 0.9.4 456.80 NOTE
r-release-linux-x86_64 0.9.4 13.32 249.42 262.74 OK
r-release-windows-ix86+x86_64 0.9.4 64.00 375.00 439.00 OK
r-release-osx-x86_64 0.9.4 NOTE
r-oldrel-windows-ix86+x86_64 0.9.4 32.00 333.00 365.00 OK
r-oldrel-osx-x86_64 0.9.4 NOTE

Check Details

Version: 0.9.4
Check: dependencies in R code
Result: NOTE
    Namespace in Imports field not imported from: ‘readr’
     All declared Imports should be used.
Flavors: r-devel-linux-x86_64-fedora-clang, r-devel-linux-x86_64-fedora-gcc, r-patched-solaris-x86, r-release-osx-x86_64, r-oldrel-osx-x86_64