CRAN Package Check Results for Package fillr

Last updated on 2024-05-24 01:53:53 CEST.

Flavor Version Tinstall Tcheck Ttotal Status Flags
r-devel-linux-x86_64-debian-clang 1.0.0 2.36 25.03 27.39 NOTE
r-devel-linux-x86_64-debian-gcc 1.0.0 1.80 19.01 20.81 NOTE
r-devel-linux-x86_64-fedora-clang 1.0.0 33.48 NOTE
r-devel-linux-x86_64-fedora-gcc 1.0.0 32.13 NOTE
r-devel-windows-x86_64 1.0.0 2.00 42.00 44.00 NOTE
r-patched-linux-x86_64 1.0.0 2.18 23.64 25.82 NOTE
r-release-linux-x86_64 1.0.0 1.90 23.38 25.28 NOTE
r-release-macos-arm64 1.0.0 16.00 NOTE
r-release-windows-x86_64 1.0.0 3.00 41.00 44.00 NOTE
r-oldrel-macos-arm64 1.0.0 15.00 NOTE
r-oldrel-macos-x86_64 1.0.0 22.00 NOTE
r-oldrel-windows-x86_64 1.0.0 2.00 43.00 45.00 NOTE

Check Details

Version: 1.0.0
Check: LazyData
Result: NOTE 'LazyData' is specified without a 'data' directory Flavors: r-devel-linux-x86_64-debian-clang, r-devel-linux-x86_64-debian-gcc, r-devel-linux-x86_64-fedora-clang, r-devel-linux-x86_64-fedora-gcc, r-devel-windows-x86_64, r-patched-linux-x86_64, r-release-linux-x86_64, r-release-macos-arm64, r-release-windows-x86_64, r-oldrel-macos-arm64, r-oldrel-macos-x86_64, r-oldrel-windows-x86_64