CRAN Package Check Results for Package fiery

Last updated on 2020-09-22 04:49:26 CEST.

Flavor Version Tinstall Tcheck Ttotal Status Flags
r-devel-linux-x86_64-debian-clang 1.1.2 11.11 45.22 56.33 OK
r-devel-linux-x86_64-debian-gcc 1.1.2 0.31 2.17 2.48 ERROR
r-devel-linux-x86_64-fedora-clang 1.1.2 78.09 OK
r-devel-linux-x86_64-fedora-gcc 1.1.2 73.13 OK
r-devel-windows-ix86+x86_64 1.1.2 21.00 84.00 105.00 OK
r-patched-linux-x86_64 1.1.2 11.43 45.19 56.62 OK
r-patched-solaris-x86 1.1.2 116.50 OK
r-release-linux-x86_64 1.1.2 9.44 45.49 54.93 OK
r-release-macos-x86_64 1.1.2 OK
r-release-windows-ix86+x86_64 1.1.2 21.00 144.00 165.00 OK
r-oldrel-macos-x86_64 1.1.2 OK
r-oldrel-windows-ix86+x86_64 1.1.2 13.00 75.00 88.00 OK

Check Details

Version: 1.1.2
Check: whether package can be installed
Result: ERROR
    Installation failed.
Flavor: r-devel-linux-x86_64-debian-gcc