CRAN Package Check Results for Package fido

Last updated on 2022-11-28 03:57:17 CET.

Flavor Version Tinstall Tcheck Ttotal Status Flags
r-devel-linux-x86_64-debian-clang 1.0.3 334.32 227.19 561.51 NOTE
r-devel-linux-x86_64-debian-gcc 1.0.3 286.59 178.20 464.79 NOTE
r-devel-linux-x86_64-fedora-clang 1.0.3 721.93 NOTE
r-devel-linux-x86_64-fedora-gcc 1.0.3 805.81 NOTE
r-devel-windows-x86_64 1.0.3 229.00 323.00 552.00 NOTE
r-patched-linux-x86_64 1.0.3 309.04 216.47 525.51 NOTE
r-release-linux-x86_64 1.0.3 314.92 216.36 531.28 NOTE
r-release-macos-arm64 1.0.3 132.00 NOTE
r-release-macos-x86_64 1.0.3 238.00 NOTE
r-release-windows-x86_64 1.0.3 261.00 286.00 547.00 NOTE
r-oldrel-macos-arm64 1.0.3 143.00 NOTE
r-oldrel-macos-x86_64 1.0.3 242.00 NOTE
r-oldrel-windows-ix86+x86_64 1.0.3 771.00 405.00 1176.00 NOTE

Check Details

Version: 1.0.3
Check: package dependencies
Result: NOTE
    Package suggested but not available for checking: 'MicrobeDS'
Flavors: r-devel-linux-x86_64-debian-clang, r-devel-linux-x86_64-debian-gcc, r-devel-linux-x86_64-fedora-clang, r-devel-linux-x86_64-fedora-gcc, r-devel-windows-x86_64, r-patched-linux-x86_64, r-release-linux-x86_64, r-release-macos-arm64, r-release-macos-x86_64, r-release-windows-x86_64, r-oldrel-macos-arm64, r-oldrel-macos-x86_64, r-oldrel-windows-ix86+x86_64

Version: 1.0.3
Check: installed package size
Result: NOTE
     installed size is 39.5Mb
     sub-directories of 1Mb or more:
     libs 37.9Mb
Flavors: r-release-macos-arm64, r-release-macos-x86_64, r-oldrel-macos-arm64, r-oldrel-macos-x86_64, r-oldrel-windows-ix86+x86_64