CRAN Package Check Results for Package fhidata

Last updated on 2020-01-19 06:48:32 CET.

Flavor Version Tinstall Tcheck Ttotal Status Flags
r-devel-linux-x86_64-debian-clang 2019.8.27 12.17 68.46 80.63 OK
r-devel-linux-x86_64-debian-gcc 2019.8.27 11.98 51.55 63.53 OK
r-devel-linux-x86_64-fedora-clang 2019.8.27 101.17 NOTE
r-devel-linux-x86_64-fedora-gcc 2019.8.27 97.05 NOTE
r-devel-windows-ix86+x86_64 2019.8.27 25.00 110.00 135.00 NOTE
r-devel-windows-ix86+x86_64-gcc8 2019.8.27 19.00 108.00 127.00 NOTE
r-patched-linux-x86_64 2019.8.27 11.89 63.24 75.13 OK
r-patched-solaris-x86 2019.8.27 147.90 NOTE
r-release-linux-x86_64 2019.8.27 11.49 61.85 73.34 OK
r-release-windows-ix86+x86_64 2019.8.27 24.00 105.00 129.00 NOTE
r-release-osx-x86_64 2019.8.27 NOTE
r-oldrel-windows-ix86+x86_64 2019.8.27 22.00 98.00 120.00 NOTE
r-oldrel-osx-x86_64 2019.8.27 NOTE

Check Details

Version: 2019.8.27
Check: package dependencies
Result: NOTE
    Suggests orphaned package: ‘SDMTools’
Flavor: r-devel-linux-x86_64-fedora-clang

Version: 2019.8.27
Check: installed package size
Result: NOTE
     installed size is 6.7Mb
     sub-directories of 1Mb or more:
     data 6.3Mb
Flavors: r-devel-linux-x86_64-fedora-clang, r-devel-windows-ix86+x86_64, r-devel-windows-ix86+x86_64-gcc8, r-patched-solaris-x86, r-release-windows-ix86+x86_64, r-release-osx-x86_64, r-oldrel-windows-ix86+x86_64, r-oldrel-osx-x86_64

Version: 2019.8.27
Check: data for non-ASCII characters
Result: NOTE
     Note: found 5077 marked UTF-8 strings
Flavors: r-devel-linux-x86_64-fedora-clang, r-devel-linux-x86_64-fedora-gcc, r-patched-solaris-x86, r-release-osx-x86_64, r-oldrel-osx-x86_64