CRAN Package Check Results for Package fgm

Last updated on 2022-12-04 21:55:37 CET.

Flavor Version Tinstall Tcheck Ttotal Status Flags
r-devel-linux-x86_64-debian-clang 1.0 10.41 111.62 122.03 NOTE
r-devel-linux-x86_64-debian-gcc 1.0 10.28 83.97 94.25 NOTE
r-devel-linux-x86_64-fedora-clang 1.0 164.14 NOTE
r-devel-linux-x86_64-fedora-gcc 1.0 168.90 NOTE
r-devel-windows-x86_64 1.0 16.00 131.00 147.00 NOTE
r-patched-linux-x86_64 1.0 10.72 105.86 116.58 NOTE
r-release-linux-x86_64 1.0 12.05 108.00 120.05 NOTE
r-release-macos-arm64 1.0 43.00 NOTE
r-release-macos-x86_64 1.0 73.00 NOTE
r-release-windows-x86_64 1.0 18.00 139.00 157.00 NOTE
r-oldrel-macos-arm64 1.0 48.00 NOTE
r-oldrel-macos-x86_64 1.0 72.00 NOTE
r-oldrel-windows-ix86+x86_64 1.0 32.00 129.00 161.00 NOTE

Check Details

Version: 1.0
Check: LazyData
Result: NOTE
     'LazyData' is specified without a 'data' directory
Flavors: r-devel-linux-x86_64-debian-clang, r-devel-linux-x86_64-debian-gcc, r-devel-linux-x86_64-fedora-clang, r-devel-linux-x86_64-fedora-gcc, r-devel-windows-x86_64, r-patched-linux-x86_64, r-release-linux-x86_64, r-release-macos-arm64, r-release-macos-x86_64, r-release-windows-x86_64, r-oldrel-macos-arm64, r-oldrel-macos-x86_64, r-oldrel-windows-ix86+x86_64