CRAN Package Check Results for Package ffscrapr

Last updated on 2022-05-22 08:54:32 CEST.

Flavor Version Tinstall Tcheck Ttotal Status Flags
r-devel-linux-x86_64-debian-clang 1.4.7 9.86 190.21 200.07 OK
r-devel-linux-x86_64-debian-gcc 1.4.7 7.36 140.93 148.29 OK
r-devel-linux-x86_64-fedora-clang 1.4.7 224.55 NOTE
r-devel-linux-x86_64-fedora-gcc 1.4.7 236.30 NOTE
r-devel-windows-x86_64 1.4.7 104.00 275.00 379.00 OK
r-patched-linux-x86_64 1.4.7 9.28 180.47 189.75 OK
r-release-linux-x86_64 1.4.7 7.84 181.88 189.72 OK
r-release-macos-arm64 1.4.7 128.00 NOTE
r-release-macos-x86_64 1.4.7 211.00 NOTE
r-release-windows-x86_64 1.4.7 97.00 271.00 368.00 OK
r-oldrel-macos-arm64 1.4.7 140.00 NOTE
r-oldrel-macos-x86_64 1.4.7 180.00 NOTE
r-oldrel-windows-ix86+x86_64 1.4.7 18.00 284.00 302.00 OK

Check Details

Version: 1.4.7
Check: dependencies in R code
Result: NOTE
    Namespace in Imports field not imported from: ‘nflreadr’
     All declared Imports should be used.
Flavors: r-devel-linux-x86_64-fedora-clang, r-devel-linux-x86_64-fedora-gcc, r-release-macos-arm64, r-release-macos-x86_64, r-oldrel-macos-arm64, r-oldrel-macos-x86_64