CRAN Package Check Results for Package fermicatsR

Last updated on 2022-11-26 22:03:52 CET.

Flavor Version Tinstall Tcheck Ttotal Status Flags
r-devel-linux-x86_64-debian-clang 1.4 4.58 27.71 32.29 NOTE
r-devel-linux-x86_64-debian-gcc 1.4 3.85 21.47 25.32 NOTE
r-devel-linux-x86_64-fedora-clang 1.4 51.10 NOTE
r-devel-linux-x86_64-fedora-gcc 1.4 51.62 NOTE
r-devel-windows-x86_64 1.4 17.00 53.00 70.00 NOTE
r-patched-linux-x86_64 1.4 OK
r-release-linux-x86_64 1.4 3.38 26.25 29.63 OK
r-release-macos-arm64 1.4 18.00 OK
r-release-macos-x86_64 1.4 25.00 OK
r-release-windows-x86_64 1.4 20.00 55.00 75.00 OK
r-oldrel-macos-arm64 1.4 23.00 OK
r-oldrel-macos-x86_64 1.4 27.00 OK
r-oldrel-windows-ix86+x86_64 1.4 8.00 48.00 56.00 OK

Check Details

Version: 1.4
Check: Rd files
Result: NOTE
    checkRd: (-1) fermicatsR.Rd:31: Escaped LaTeX specials: \&
Flavors: r-devel-linux-x86_64-debian-clang, r-devel-linux-x86_64-debian-gcc, r-devel-linux-x86_64-fedora-clang, r-devel-linux-x86_64-fedora-gcc, r-devel-windows-x86_64