CRAN Package Check Results for Package felp

Last updated on 2019-11-18 23:51:21 CET.

Flavor Version Tinstall Tcheck Ttotal Status Flags
r-devel-linux-x86_64-debian-clang 0.2.1 1.60 28.40 30.00 OK
r-devel-linux-x86_64-debian-gcc 0.2.1 1.55 23.18 24.73 OK
r-devel-linux-x86_64-fedora-clang 0.2.1 38.27 NOTE
r-devel-linux-x86_64-fedora-gcc 0.2.1 36.25 NOTE
r-devel-windows-ix86+x86_64 0.2.1 6.00 61.00 67.00 OK
r-patched-linux-x86_64 0.2.1 1.28 27.44 28.72 OK
r-patched-solaris-x86 0.2.1 44.00 ERROR
r-release-linux-x86_64 0.2.1 1.43 27.03 28.46 OK
r-release-windows-ix86+x86_64 0.2.1 4.00 64.00 68.00 OK
r-release-osx-x86_64 0.2.1 ERROR
r-oldrel-windows-ix86+x86_64 0.2.1 3.00 44.00 47.00 OK
r-oldrel-osx-x86_64 0.2.1 ERROR

Check Details

Version: 0.2.1
Check: dependencies in R code
Result: NOTE
    Namespace in Imports field not imported from: ‘prettycode’
     All declared Imports should be used.
Flavors: r-devel-linux-x86_64-fedora-clang, r-devel-linux-x86_64-fedora-gcc, r-patched-solaris-x86, r-release-osx-x86_64, r-oldrel-osx-x86_64

Version: 0.2.1
Check: tests
Result: ERROR
     Running ‘testthat.R’
    Running the tests in ‘tests/testthat.R’ failed.
    Complete output:
     > library(testthat)
     > library(felp)
    
     Attaching package: 'felp'
    
     The following object is masked from 'package:utils':
    
     ?
    
     >
     > test_check("felp")
     Error: pandoc version 1.12.3 or higher is required and was not found (see the help page ?rmarkdown::pandoc_available).
     Execution halted
Flavor: r-patched-solaris-x86

Version: 0.2.1
Check: tests
Result: ERROR
     Running ‘testthat.R’ [1s/1s]
    Running the tests in ‘tests/testthat.R’ failed.
    Complete output:
     > library(testthat)
     > library(felp)
    
     Attaching package: 'felp'
    
     The following object is masked from 'package:utils':
    
     ?
    
     >
     > test_check("felp")
     Error: pandoc version 1.12.3 or higher is required and was not found (see the help page ?rmarkdown::pandoc_available).
     Execution halted
Flavors: r-release-osx-x86_64, r-oldrel-osx-x86_64