CRAN Package Check Results for Package felp

Last updated on 2022-07-02 14:52:03 CEST.

Flavor Version Tinstall Tcheck Ttotal Status Flags
r-devel-linux-x86_64-debian-clang 0.2.3 2.20 34.40 36.60 NOTE
r-devel-linux-x86_64-debian-gcc 0.2.3 1.56 26.86 28.42 NOTE
r-devel-linux-x86_64-fedora-clang 0.2.3 54.69 NOTE
r-devel-linux-x86_64-fedora-gcc 0.2.3 52.86 NOTE
r-devel-windows-x86_64 0.2.3 14.00 64.00 78.00 NOTE
r-patched-linux-x86_64 0.2.3 1.55 33.28 34.83 NOTE
r-release-linux-x86_64 0.2.3 1.93 33.42 35.35 NOTE
r-release-macos-arm64 0.2.3 19.00 NOTE
r-release-macos-x86_64 0.2.3 27.00 NOTE
r-release-windows-x86_64 0.2.3 12.00 64.00 76.00 NOTE
r-oldrel-macos-arm64 0.2.3 24.00 NOTE
r-oldrel-macos-x86_64 0.2.3 32.00 NOTE
r-oldrel-windows-ix86+x86_64 0.2.3 6.00 51.00 57.00 NOTE

Check Details

Version: 0.2.3
Check: LazyData
Result: NOTE
     'LazyData' is specified without a 'data' directory
Flavors: r-devel-linux-x86_64-debian-clang, r-devel-linux-x86_64-debian-gcc, r-devel-linux-x86_64-fedora-clang, r-devel-linux-x86_64-fedora-gcc, r-devel-windows-x86_64, r-patched-linux-x86_64, r-release-linux-x86_64, r-release-macos-arm64, r-release-macos-x86_64, r-release-windows-x86_64, r-oldrel-macos-arm64, r-oldrel-macos-x86_64, r-oldrel-windows-ix86+x86_64

Version: 0.2.3
Check: dependencies in R code
Result: NOTE
    Namespaces in Imports field not imported from:
     ‘curl’ ‘prettycode’
     All declared Imports should be used.
Flavors: r-devel-linux-x86_64-fedora-clang, r-devel-linux-x86_64-fedora-gcc, r-release-macos-arm64, r-release-macos-x86_64, r-oldrel-macos-arm64, r-oldrel-macos-x86_64