CRAN Package Check Results for Package felp

Last updated on 2020-07-03 15:48:00 CEST.

Flavor Version Tinstall Tcheck Ttotal Status Flags
r-devel-linux-x86_64-debian-clang 0.2.2 1.89 29.72 31.61 OK
r-devel-linux-x86_64-debian-gcc 0.2.2 1.54 23.35 24.89 OK
r-devel-linux-x86_64-fedora-clang 0.2.2 47.52 NOTE
r-devel-linux-x86_64-fedora-gcc 0.2.2 36.96 NOTE
r-devel-windows-ix86+x86_64 0.2.2 12.00 61.00 73.00 OK
r-patched-linux-x86_64 0.2.2 1.51 29.25 30.76 OK
r-patched-solaris-x86 0.2.2 57.40 NOTE
r-release-linux-x86_64 0.2.2 1.79 29.44 31.23 OK
r-release-osx-x86_64 0.2.2 NOTE
r-release-windows-ix86+x86_64 0.2.2 5.00 60.00 65.00 OK
r-oldrel-osx-x86_64 0.2.2 NOTE
r-oldrel-windows-ix86+x86_64 0.2.2 4.00 75.00 79.00 OK

Check Details

Version: 0.2.2
Check: dependencies in R code
Result: NOTE
    Namespace in Imports field not imported from: ‘prettycode’
     All declared Imports should be used.
Flavors: r-devel-linux-x86_64-fedora-clang, r-devel-linux-x86_64-fedora-gcc, r-patched-solaris-x86, r-release-osx-x86_64, r-oldrel-osx-x86_64