CRAN Package Check Results for Package fechner

Last updated on 2019-02-20 10:47:16 CET.

Flavor Version Tinstall Tcheck Ttotal Status Flags
r-devel-linux-x86_64-debian-clang 1.0-3 2.64 28.77 31.41 OK
r-devel-linux-x86_64-debian-gcc 1.0-3 2.08 22.46 24.54 OK
r-devel-linux-x86_64-fedora-clang 1.0-3 38.25 NOTE
r-devel-linux-x86_64-fedora-gcc 1.0-3 36.04 NOTE
r-devel-windows-ix86+x86_64 1.0-3 10.00 45.00 55.00 OK
r-patched-linux-x86_64 1.0-3 OK
r-patched-solaris-x86 1.0-3 45.30 OK
r-release-linux-x86_64 1.0-3 1.83 27.09 28.92 OK
r-release-windows-ix86+x86_64 1.0-3 6.00 37.00 43.00 OK
r-release-osx-x86_64 1.0-3 OK
r-oldrel-windows-ix86+x86_64 1.0-3 6.00 52.00 58.00 OK
r-oldrel-osx-x86_64 1.0-3 OK

Check Details

Version: 1.0-3
Check: compiled code
Result: NOTE
    File ‘fechner/libs/fechner.so’:
     Found no calls to: ‘R_registerRoutines’, ‘R_useDynamicSymbols’
    
    It is good practice to register native routines and to disable symbol
    search.
    
    See ‘Writing portable packages’ in the ‘Writing R Extensions’ manual.
Flavors: r-devel-linux-x86_64-fedora-clang, r-devel-linux-x86_64-fedora-gcc