CRAN Package Check Results for Package fechner

Last updated on 2019-08-24 07:47:20 CEST.

Flavor Version Tinstall Tcheck Ttotal Status Flags
r-devel-linux-x86_64-debian-clang 1.0-3 2.91 29.10 32.01 OK
r-devel-linux-x86_64-debian-gcc 1.0-3 2.40 22.96 25.36 OK
r-devel-linux-x86_64-fedora-clang 1.0-3 40.41 NOTE
r-devel-linux-x86_64-fedora-gcc 1.0-3 38.88 NOTE
r-devel-windows-ix86+x86_64 1.0-3 10.00 60.00 70.00 OK
r-patched-linux-x86_64 1.0-3 2.81 28.62 31.43 OK
r-patched-solaris-x86 1.0-3 50.80 OK
r-release-linux-x86_64 1.0-3 2.65 28.14 30.79 OK
r-release-windows-ix86+x86_64 1.0-3 7.00 56.00 63.00 OK
r-release-osx-x86_64 1.0-3 OK
r-oldrel-windows-ix86+x86_64 1.0-3 6.00 37.00 43.00 OK
r-oldrel-osx-x86_64 1.0-3 OK

Check Details

Version: 1.0-3
Check: compiled code
Result: NOTE
    File ‘fechner/libs/fechner.so’:
     Found no calls to: ‘R_registerRoutines’, ‘R_useDynamicSymbols’
    
    It is good practice to register native routines and to disable symbol
    search.
    
    See ‘Writing portable packages’ in the ‘Writing R Extensions’ manual.
Flavors: r-devel-linux-x86_64-fedora-clang, r-devel-linux-x86_64-fedora-gcc