CRAN Package Check Results for Package fec16

Last updated on 2024-06-17 10:49:13 CEST.

Flavor Version Tinstall Tcheck Ttotal Status Flags
r-devel-linux-x86_64-debian-clang 0.1.4 6.53 61.14 67.67 OK
r-devel-linux-x86_64-debian-gcc 0.1.4 6.04 47.30 53.34 OK
r-devel-linux-x86_64-fedora-clang 0.1.4 89.40 NOTE
r-devel-linux-x86_64-fedora-gcc 0.1.4 95.45 NOTE
r-devel-windows-x86_64 0.1.4 8.00 68.00 76.00 OK
r-patched-linux-x86_64 0.1.4 8.27 58.10 66.37 OK
r-release-linux-x86_64 0.1.4 6.72 58.92 65.64 OK
r-release-macos-arm64 0.1.4 36.00 OK
r-release-macos-x86_64 0.1.4 58.00 OK
r-release-windows-x86_64 0.1.4 10.00 71.00 81.00 OK
r-oldrel-macos-arm64 0.1.4 37.00 OK
r-oldrel-macos-x86_64 0.1.4 66.00 OK
r-oldrel-windows-x86_64 0.1.4 11.00 80.00 91.00 OK

Check Details

Version: 0.1.4
Check: data for non-ASCII characters
Result: NOTE Note: found 20 marked UTF-8 strings Flavors: r-devel-linux-x86_64-fedora-clang, r-devel-linux-x86_64-fedora-gcc