CRAN Package Check Results for Package featurefinder

Last updated on 2022-10-02 08:55:13 CEST.

Flavor Version Tinstall Tcheck Ttotal Status Flags
r-devel-linux-x86_64-debian-clang 1.1 3.37 37.62 40.99 NOTE
r-devel-linux-x86_64-debian-gcc 1.1 2.54 28.81 31.35 NOTE
r-devel-linux-x86_64-fedora-clang 1.1 64.34 NOTE
r-devel-linux-x86_64-fedora-gcc 1.1 60.90 NOTE
r-devel-windows-x86_64 1.1 45.00 77.00 122.00 OK
r-patched-linux-x86_64 1.1 3.81 35.49 39.30 NOTE
r-release-linux-x86_64 1.1 3.28 35.12 38.40 NOTE
r-release-macos-arm64 1.1 20.00 OK
r-release-macos-x86_64 1.1 28.00 OK
r-release-windows-x86_64 1.1 6.00 66.00 72.00 OK
r-oldrel-macos-arm64 1.1 27.00 OK
r-oldrel-macos-x86_64 1.1 37.00 OK
r-oldrel-windows-ix86+x86_64 1.1 7.00 65.00 72.00 OK

Check Details

Version: 1.1
Check: for non-standard things in the check directory
Result: NOTE
    Found the following files/directories:
     'treesAll.txt'
Flavors: r-devel-linux-x86_64-debian-clang, r-devel-linux-x86_64-debian-gcc, r-devel-linux-x86_64-fedora-clang, r-devel-linux-x86_64-fedora-gcc, r-patched-linux-x86_64, r-release-linux-x86_64