CRAN Package Check Results for Package featurefinder

Last updated on 2020-07-11 08:48:27 CEST.

Flavor Version Tinstall Tcheck Ttotal Status Flags
r-devel-linux-x86_64-debian-clang 1.1 2.94 32.11 35.05 NOTE
r-devel-linux-x86_64-debian-gcc 1.1 2.05 24.59 26.64 NOTE
r-devel-linux-x86_64-fedora-gcc 1.1 42.15 NOTE
r-devel-windows-ix86+x86_64 1.1 10.00 60.00 70.00 OK
r-patched-linux-x86_64 1.1 3.31 31.33 34.64 NOTE
r-patched-solaris-x86 1.1 64.50 NOTE
r-release-linux-x86_64 1.1 2.88 31.18 34.06 NOTE
r-release-osx-x86_64 1.1 OK
r-release-windows-ix86+x86_64 1.1 6.00 43.00 49.00 OK
r-oldrel-osx-x86_64 1.1 OK
r-oldrel-windows-ix86+x86_64 1.1 8.00 76.00 84.00 OK

Check Details

Version: 1.1
Check: for non-standard things in the check directory
Result: NOTE
    Found the following files/directories:
     'treesAll.txt'
Flavors: r-devel-linux-x86_64-debian-clang, r-devel-linux-x86_64-debian-gcc, r-devel-linux-x86_64-fedora-gcc, r-patched-linux-x86_64, r-patched-solaris-x86, r-release-linux-x86_64