CRAN Package Check Results for Package fdth

Last updated on 2019-04-25 10:49:01 CEST.

Flavor Version Tinstall Tcheck Ttotal Status Flags
r-devel-linux-x86_64-debian-clang 1.2-1 3.73 35.35 39.08 OK
r-devel-linux-x86_64-debian-gcc 1.2-1 2.59 27.63 30.22 OK
r-devel-linux-x86_64-fedora-clang 1.2-1 46.06 OK
r-devel-linux-x86_64-fedora-gcc 1.2-1 44.58 OK
r-devel-windows-ix86+x86_64 1.2-1 7.00 49.00 56.00 OK
r-patched-linux-x86_64 1.2-1 3.60 34.99 38.59 OK
r-patched-solaris-x86 1.2-1 64.10 OK
r-release-linux-x86_64 1.2-1 2.63 34.86 37.49 OK
r-release-windows-ix86+x86_64 1.2-1 4.00 46.00 50.00 OK
r-release-osx-x86_64 1.2-1 OK
r-oldrel-windows-ix86+x86_64 1.2-1 3.00 67.00 70.00 OK
r-oldrel-osx-x86_64 1.2-1 NOTE

Check Details

Version: 1.2-1
Check: re-building of vignette outputs
Result: NOTE
    Error in re-building vignettes:
     ...
    
    Attaching package: ‘fdth’
    
    The following objects are masked from ‘package:stats’:
    
     sd, var
    
    Error in texi2dvi(file = file, pdf = TRUE, clean = clean, quiet = quiet, :
     Running 'texi2dvi' on 'latex_fdt.tex' failed.
    LaTeX errors:
    ! LaTeX Error: File `morefloats.sty' not found.
    
    Type X to quit or <RETURN> to proceed,
    or enter new name. (Default extension: sty)
    
    ! Emergency stop.
    <read *>
    
    l.24 \usepackage
     {multirow}^^M
    ! ==> Fatal error occurred, no output PDF file produced!
    Calls: buildVignettes -> texi2pdf -> texi2dvi
    Execution halted
Flavor: r-oldrel-osx-x86_64