CRAN Package Check Results for Package fdm2id

Last updated on 2021-10-18 21:54:58 CEST.

Flavor Version Tinstall Tcheck Ttotal Status Flags
r-devel-linux-x86_64-debian-clang 0.9.5 15.10 146.54 161.64 OK
r-devel-linux-x86_64-debian-gcc 0.9.5 13.10 113.18 126.28 OK
r-devel-linux-x86_64-fedora-clang 0.9.5 206.45 NOTE
r-devel-linux-x86_64-fedora-gcc 0.9.5 194.93 NOTE
r-devel-windows-x86_64 0.9.5 26.00 218.00 244.00 OK
r-devel-windows-x86_64-gcc10-UCRT 0.9.5 NOTE
r-patched-linux-x86_64 0.9.5 19.15 143.68 162.83 OK
r-patched-solaris-x86 0.9.5 278.50 NOTE
r-release-linux-x86_64 0.9.5 13.84 143.79 157.63 OK
r-release-macos-arm64 0.9.5 NOTE
r-release-macos-x86_64 0.9.5 NOTE
r-release-windows-ix86+x86_64 0.9.5 35.00 218.00 253.00 OK
r-oldrel-macos-x86_64 0.9.5 NOTE
r-oldrel-windows-ix86+x86_64 0.9.5 39.00 213.00 252.00 OK

Check Details

Version: 0.9.5
Check: package dependencies
Result: NOTE
    Imports includes 26 non-default packages.
    Importing from so many packages makes the package vulnerable to any of
    them becoming unavailable. Move as many as possible to Suggests and
    use conditionally.
Flavor: r-devel-linux-x86_64-fedora-clang

Version: 0.9.5
Check: data for non-ASCII characters
Result: NOTE
     Note: found 3 marked Latin-1 strings
     Note: found 3 marked UTF-8 strings
Flavors: r-devel-linux-x86_64-fedora-clang, r-devel-linux-x86_64-fedora-gcc, r-devel-windows-x86_64-gcc10-UCRT, r-patched-solaris-x86, r-release-macos-arm64, r-release-macos-x86_64, r-oldrel-macos-x86_64