Last updated on 2022-06-30 00:50:23 CEST.
Flavor | Version | Tinstall | Tcheck | Ttotal | Status | Flags |
---|---|---|---|---|---|---|
r-devel-linux-x86_64-debian-clang | 1.0.3 | 7.84 | 76.96 | 84.80 | OK | |
r-devel-linux-x86_64-debian-gcc | 1.0.3 | 4.89 | 57.88 | 62.77 | OK | |
r-devel-linux-x86_64-fedora-clang | 1.0.3 | 110.97 | NOTE | |||
r-devel-linux-x86_64-fedora-gcc | 1.0.3 | 107.14 | NOTE | |||
r-devel-windows-x86_64 | 1.0.3 | 19.00 | 100.00 | 119.00 | OK | |
r-patched-linux-x86_64 | 1.0.3 | 5.63 | 72.90 | 78.53 | OK | |
r-release-linux-x86_64 | 1.0.3 | 4.84 | 70.92 | 75.76 | OK | |
r-release-macos-arm64 | 1.0.3 | 34.00 | NOTE | |||
r-release-macos-x86_64 | 1.0.3 | 45.00 | NOTE | |||
r-release-windows-x86_64 | 1.0.3 | 29.00 | 101.00 | 130.00 | OK | |
r-oldrel-macos-arm64 | 1.0.3 | 30.00 | NOTE | |||
r-oldrel-macos-x86_64 | 1.0.3 | 50.00 | NOTE | |||
r-oldrel-windows-ix86+x86_64 | 1.0.3 | 20.00 | 95.00 | 115.00 | OK |
Version: 1.0.3
Check: dependencies in R code
Result: NOTE
Namespaces in Imports field not imported from:
‘FastGP’ ‘MASS’ ‘fdapace’
All declared Imports should be used.
Flavors: r-devel-linux-x86_64-fedora-clang, r-devel-linux-x86_64-fedora-gcc, r-release-macos-arm64, r-release-macos-x86_64, r-oldrel-macos-arm64, r-oldrel-macos-x86_64