CRAN Package Check Results for Package fdaMixed

Last updated on 2021-12-04 22:59:33 CET.

Flavor Version Tinstall Tcheck Ttotal Status Flags
r-devel-linux-x86_64-debian-clang 0.6 98.47 43.06 141.53 OK
r-devel-linux-x86_64-debian-gcc 0.6 75.56 32.51 108.07 OK
r-devel-linux-x86_64-fedora-clang 0.6 212.88 NOTE
r-devel-linux-x86_64-fedora-gcc 0.6 195.16 OK
r-devel-windows-x86_64-new-UL 0.6 121.00 93.00 214.00 OK
r-devel-windows-x86_64-new-TK 0.6 OK
r-devel-windows-x86_64-old 0.6 126.00 51.00 177.00 OK
r-patched-linux-x86_64 0.6 91.68 32.57 124.25 OK
r-release-linux-x86_64 0.6 93.24 32.84 126.08 OK
r-release-macos-arm64 0.6 NOTE
r-release-macos-x86_64 0.6 NOTE
r-release-windows-ix86+x86_64 0.6 250.00 87.00 337.00 OK
r-oldrel-macos-x86_64 0.6 NOTE
r-oldrel-windows-ix86+x86_64 0.6 246.00 85.00 331.00 OK

Check Details

Version: 0.6
Check: installed package size
Result: NOTE
     installed size is 7.5Mb
     sub-directories of 1Mb or more:
     libs 7.4Mb
Flavors: r-devel-linux-x86_64-fedora-clang, r-release-macos-arm64, r-release-macos-x86_64, r-oldrel-macos-x86_64