Last updated on 2019-12-06 06:50:20 CET.
Flavor | Version | Tinstall | Tcheck | Ttotal | Status | Flags |
---|---|---|---|---|---|---|
r-devel-linux-x86_64-debian-clang | 1.6.1 | 5.22 | 51.12 | 56.34 | NOTE | |
r-devel-linux-x86_64-debian-gcc | 1.6.1 | 3.34 | 37.99 | 41.33 | NOTE | |
r-devel-linux-x86_64-fedora-clang | 1.6.1 | 62.26 | NOTE | |||
r-devel-linux-x86_64-fedora-gcc | 1.6.1 | 61.72 | NOTE | |||
r-devel-windows-ix86+x86_64 | 1.6.1 | 10.00 | 134.00 | 144.00 | OK | |
r-devel-windows-ix86+x86_64-gcc8 | 1.6.1 | 10.00 | 109.00 | 119.00 | OK | |
r-patched-linux-x86_64 | 1.6.1 | 3.65 | 47.18 | 50.83 | OK | |
r-patched-solaris-x86 | 1.6.1 | 88.90 | OK | |||
r-release-linux-x86_64 | 1.6.1 | 3.90 | 46.00 | 49.90 | OK | |
r-release-windows-ix86+x86_64 | 1.6.1 | 10.00 | 89.00 | 99.00 | OK | |
r-release-osx-x86_64 | 1.6.1 | OK | ||||
r-oldrel-windows-ix86+x86_64 | 1.6.1 | 15.00 | 118.00 | 133.00 | OK | |
r-oldrel-osx-x86_64 | 1.6.1 | OK |
Version: 1.6.1
Check: for non-standard things in the check directory
Result: NOTE
Found the following files/directories:
'test2delete.txt' 'test2delete2_values.txt' 'test2delete_values.txt'
Flavors: r-devel-linux-x86_64-debian-clang, r-devel-linux-x86_64-debian-gcc, r-devel-linux-x86_64-fedora-clang, r-devel-linux-x86_64-fedora-gcc