CRAN Package Check Results for Package fcros

Last updated on 2019-07-24 09:50:22 CEST.

Flavor Version Tinstall Tcheck Ttotal Status Flags
r-devel-linux-x86_64-debian-clang 1.6.1 4.21 47.49 51.70 NOTE
r-devel-linux-x86_64-debian-gcc 1.6.1 2.94 36.54 39.48 NOTE
r-devel-linux-x86_64-fedora-clang 1.6.1 60.93 NOTE
r-devel-linux-x86_64-fedora-gcc 1.6.1 59.53 NOTE
r-devel-windows-ix86+x86_64 1.6.1 10.00 91.00 101.00 OK
r-patched-linux-x86_64 1.6.1 3.25 47.55 50.80 OK
r-patched-solaris-x86 1.6.1 93.80 OK
r-release-linux-x86_64 1.6.1 3.92 48.05 51.97 OK
r-release-windows-ix86+x86_64 1.6.1 10.00 89.00 99.00 OK
r-release-osx-x86_64 1.6.1 OK
r-oldrel-windows-ix86+x86_64 1.6.1 15.00 118.00 133.00 OK
r-oldrel-osx-x86_64 1.6.1 OK

Check Details

Version: 1.6.1
Check: for non-standard things in the check directory
Result: NOTE
    Found the following files/directories:
     'test2delete.txt' 'test2delete2_values.txt' 'test2delete_values.txt'
Flavors: r-devel-linux-x86_64-debian-clang, r-devel-linux-x86_64-debian-gcc, r-devel-linux-x86_64-fedora-clang, r-devel-linux-x86_64-fedora-gcc