CRAN Package Check Results for Package fclust

Last updated on 2020-04-01 12:47:17 CEST.

Flavor Version Tinstall Tcheck Ttotal Status Flags
r-devel-linux-x86_64-debian-clang 2.1.1 158.82 70.69 229.51 OK
r-devel-linux-x86_64-debian-gcc 2.1.1 114.19 51.22 165.41 OK
r-devel-linux-x86_64-fedora-clang 2.1.1 314.13 NOTE
r-devel-linux-x86_64-fedora-gcc 2.1.1 291.43 OK
r-devel-windows-ix86+x86_64 2.1.1 224.00 112.00 336.00 OK
r-devel-windows-ix86+x86_64-gcc8 2.1.1 259.00 120.00 379.00 OK
r-patched-linux-x86_64 2.1.1 134.53 69.54 204.07 OK
r-patched-solaris-x86 2.1.1 277.60 OK
r-release-linux-x86_64 2.1.1 122.93 63.56 186.49 OK
r-release-windows-ix86+x86_64 2.1.1 273.00 164.00 437.00 OK
r-release-osx-x86_64 2.1.1 NOTE
r-oldrel-windows-ix86+x86_64 2.1.1 298.00 139.00 437.00 OK
r-oldrel-osx-x86_64 2.1.1 NOTE

Check Details

Version: 2.1.1
Check: installed package size
Result: NOTE
     installed size is 12.1Mb
     sub-directories of 1Mb or more:
     libs 11.5Mb
Flavors: r-devel-linux-x86_64-fedora-clang, r-release-osx-x86_64, r-oldrel-osx-x86_64