CRAN Package Check Results for Package fclust

Last updated on 2021-12-05 23:52:13 CET.

Flavor Version Tinstall Tcheck Ttotal Status Flags
r-devel-linux-x86_64-debian-clang 2.1.1 154.08 81.81 235.89 OK
r-devel-linux-x86_64-debian-gcc 2.1.1 103.74 62.46 166.20 OK
r-devel-linux-x86_64-fedora-clang 2.1.1 350.80 NOTE
r-devel-linux-x86_64-fedora-gcc 2.1.1 299.49 OK
r-devel-windows-x86_64-new-UL 2.1.1 181.00 150.00 331.00 OK
r-devel-windows-x86_64-new-TK 2.1.1 OK
r-devel-windows-x86_64-old 2.1.1 186.00 76.00 262.00 OK
r-patched-linux-x86_64 2.1.1 127.17 73.08 200.25 OK
r-release-linux-x86_64 2.1.1 126.89 80.73 207.62 OK
r-release-macos-arm64 2.1.1 NOTE
r-release-macos-x86_64 2.1.1 NOTE
r-release-windows-ix86+x86_64 2.1.1 359.00 135.00 494.00 OK
r-oldrel-macos-x86_64 2.1.1 NOTE
r-oldrel-windows-ix86+x86_64 2.1.1 362.00 131.00 493.00 OK

Check Details

Version: 2.1.1
Check: installed package size
Result: NOTE
     installed size is 9.5Mb
     sub-directories of 1Mb or more:
     libs 8.9Mb
Flavors: r-devel-linux-x86_64-fedora-clang, r-release-macos-arm64, r-release-macos-x86_64, r-oldrel-macos-x86_64