Last updated on 2023-03-26 12:55:10 CEST.
Flavor | Version | Tinstall | Tcheck | Ttotal | Status | Flags |
---|---|---|---|---|---|---|
r-devel-linux-x86_64-debian-clang | 0.1.0 | 123.07 | 109.89 | 232.96 | NOTE | |
r-devel-linux-x86_64-debian-gcc | 0.1.0 | 116.89 | 88.93 | 205.82 | NOTE | |
r-devel-linux-x86_64-fedora-gcc | 0.1.0 | 344.37 | NOTE | |||
r-patched-linux-x86_64 | 0.1.0 | 131.68 | 113.68 | 245.36 | NOTE | |
r-release-linux-x86_64 | 0.1.0 | 119.98 | 110.08 | 230.06 | NOTE | |
r-release-macos-arm64 | 0.1.0 | 98.00 | NOTE | |||
r-release-macos-x86_64 | 0.1.0 | 187.00 | NOTE | |||
r-release-windows-x86_64 | 0.1.0 | 108.00 | 167.00 | 275.00 | NOTE | |
r-oldrel-macos-arm64 | 0.1.0 | 78.00 | NOTE | |||
r-oldrel-macos-x86_64 | 0.1.0 | 108.00 | NOTE | |||
r-oldrel-windows-ix86+x86_64 | 0.1.0 | 301.00 | 210.00 | 511.00 | NOTE |
Version: 0.1.0
Check: for GNU extensions in Makefiles
Result: NOTE
GNU make is a SystemRequirements.
Flavors: r-devel-linux-x86_64-debian-clang, r-devel-linux-x86_64-debian-gcc, r-devel-linux-x86_64-fedora-gcc, r-patched-linux-x86_64, r-release-linux-x86_64, r-release-macos-arm64, r-release-macos-x86_64, r-release-windows-x86_64, r-oldrel-macos-arm64, r-oldrel-macos-x86_64, r-oldrel-windows-ix86+x86_64
Version: 0.1.0
Check: dependencies in R code
Result: NOTE
Namespaces in Imports field not imported from:
‘RcppParallel’ ‘rstantools’
All declared Imports should be used.
Flavors: r-devel-linux-x86_64-fedora-gcc, r-release-macos-arm64, r-release-macos-x86_64, r-oldrel-macos-arm64, r-oldrel-macos-x86_64
Version: 0.1.0
Check: installed package size
Result: NOTE
installed size is 33.4Mb
sub-directories of 1Mb or more:
libs 32.9Mb
Flavors: r-release-macos-arm64, r-release-macos-x86_64, r-oldrel-macos-arm64, r-oldrel-macos-x86_64