CRAN Package Check Results for Package fc

Last updated on 2020-07-14 23:48:00 CEST.

Flavor Version Tinstall Tcheck Ttotal Status Flags
r-devel-linux-x86_64-debian-clang 0.1.0 1.94 19.44 21.38 OK
r-devel-linux-x86_64-debian-gcc 0.1.0 1.64 15.29 16.93 OK
r-devel-linux-x86_64-fedora-clang 0.1.0 34.45 OK
r-devel-linux-x86_64-fedora-gcc 0.1.0 26.07 OK
r-devel-windows-ix86+x86_64 0.1.0 6.00 41.00 47.00 OK
r-patched-linux-x86_64 0.1.0 1.92 19.45 21.37 OK
r-patched-solaris-x86 0.1.0 40.50 OK
r-release-linux-x86_64 0.1.0 1.89 19.26 21.15 OK
r-release-macos-x86_64 0.1.0 ERROR
r-release-windows-ix86+x86_64 0.1.0 7.00 31.00 38.00 OK
r-oldrel-macos-x86_64 0.1.0 OK
r-oldrel-windows-ix86+x86_64 0.1.0 13.00 44.00 57.00 OK

Check Details

Version: 0.1.0
Check: whether package can be installed
Result: ERROR
    Installation failed.
Flavor: r-release-macos-x86_64