Last updated on 2023-12-04 20:09:57 CET.
Flavor | Version | Tinstall | Tcheck | Ttotal | Status | Flags |
---|---|---|---|---|---|---|
r-devel-linux-x86_64-debian-clang | 0.4.1 | 93.28 | 67.55 | 160.83 | NOTE | |
r-devel-linux-x86_64-debian-gcc | 0.4.1 | 62.02 | 51.43 | 113.45 | NOTE | |
r-devel-linux-x86_64-fedora-clang | 0.4.1 | 232.69 | OK | |||
r-devel-linux-x86_64-fedora-gcc | 0.4.1 | 219.83 | OK | |||
r-devel-windows-x86_64 | 0.4.1 | 72.00 | 98.00 | 170.00 | OK | |
r-patched-linux-x86_64 | 0.4.1 | 66.53 | 64.14 | 130.67 | OK | |
r-release-linux-x86_64 | 0.4.1 | 75.20 | 63.60 | 138.80 | OK | |
r-release-macos-arm64 | 0.4.1 | 52.00 | OK | |||
r-release-macos-x86_64 | 0.4.1 | 87.00 | OK | |||
r-release-windows-x86_64 | 0.4.1 | 91.00 | 107.00 | 198.00 | OK | |
r-oldrel-macos-arm64 | 0.4.1 | 51.00 | OK | |||
r-oldrel-macos-x86_64 | 0.4.1 | 99.00 | OK | |||
r-oldrel-windows-x86_64 | 0.4.1 | 83.00 | 106.00 | 189.00 | OK |
Version: 0.4.1
Check: Rd files
Result: NOTE
checkRd: (-1) plot.fbroc.conf.Rd:5: Lost braces
5 | \title{Plots function for object of class{fbroc.conf}}
| ^
Flavors: r-devel-linux-x86_64-debian-clang, r-devel-linux-x86_64-debian-gcc