CRAN Package Check Results for Package fat2Lpoly

Last updated on 2019-08-19 22:47:05 CEST.

Flavor Version Tinstall Tcheck Ttotal Status Flags
r-devel-linux-x86_64-debian-clang 1.2.3 10.09 70.61 80.70 NOTE
r-devel-linux-x86_64-debian-gcc 1.2.3 8.07 55.93 64.00 NOTE
r-devel-linux-x86_64-fedora-clang 1.2.3 98.15 NOTE
r-devel-linux-x86_64-fedora-gcc 1.2.3 101.52 NOTE
r-devel-windows-ix86+x86_64 1.2.3 26.00 126.00 152.00 OK
r-patched-linux-x86_64 1.2.3 8.32 69.06 77.38 OK
r-patched-solaris-x86 1.2.3 151.80 OK
r-release-linux-x86_64 1.2.3 9.24 69.34 78.58 OK
r-release-windows-ix86+x86_64 1.2.3 16.00 83.00 99.00 OK
r-release-osx-x86_64 1.2.3 OK
r-oldrel-windows-ix86+x86_64 1.2.3 15.00 109.00 124.00 OK
r-oldrel-osx-x86_64 1.2.3 OK

Check Details

Version: 1.2.3
Check: for non-standard things in the check directory
Result: NOTE
    Found the following files/directories:
     'descriptive_statistics2019-08-18_21.51.41.txt'
Flavor: r-devel-linux-x86_64-debian-clang

Version: 1.2.3
Check: for non-standard things in the check directory
Result: NOTE
    Found the following files/directories:
     ‘descriptive_statistics2019-08-19_08.06.02.txt’
Flavor: r-devel-linux-x86_64-debian-gcc

Version: 1.2.3
Check: for non-standard things in the check directory
Result: NOTE
    Found the following files/directories:
     ‘descriptive_statistics2019-08-17_14.32.50.txt’
Flavor: r-devel-linux-x86_64-fedora-clang

Version: 1.2.3
Check: for non-standard things in the check directory
Result: NOTE
    Found the following files/directories:
     ‘descriptive_statistics2019-08-18_15.58.03.txt’
Flavor: r-devel-linux-x86_64-fedora-gcc