CRAN Package Check Results for Package fastverse

Last updated on 2022-01-25 01:53:08 CET.

Flavor Version Tinstall Tcheck Ttotal Status Flags
r-devel-linux-x86_64-debian-clang 0.2.1 4.07 54.85 58.92 OK
r-devel-linux-x86_64-debian-gcc 0.2.1 3.01 41.89 44.90 OK
r-devel-linux-x86_64-fedora-clang 0.2.1 77.62 NOTE
r-devel-linux-x86_64-fedora-gcc 0.2.1 61.81 NOTE
r-devel-windows-x86_64-new-UL 0.2.1 38.00 90.00 128.00 OK
r-devel-windows-x86_64-new-TK 0.2.1 NOTE
r-patched-linux-x86_64 0.2.1 3.74 54.34 58.08 OK
r-release-linux-x86_64 0.2.1 3.94 52.52 56.46 OK
r-release-macos-arm64 0.2.1 NOTE
r-release-macos-x86_64 0.2.1 NOTE
r-release-windows-ix86+x86_64 0.2.1 9.00 70.00 79.00 OK
r-oldrel-macos-x86_64 0.2.1 NOTE
r-oldrel-windows-ix86+x86_64 0.2.1 10.00 72.00 82.00 NOTE

Check Details

Version: 0.2.1
Check: dependencies in R code
Result: NOTE
    Namespaces in Imports field not imported from:
     ‘data.table’ ‘fst’ ‘kit’ ‘magrittr’ ‘matrixStats’
     All declared Imports should be used.
Flavors: r-devel-linux-x86_64-fedora-clang, r-devel-linux-x86_64-fedora-gcc, r-devel-windows-x86_64-new-TK, r-release-macos-arm64, r-release-macos-x86_64, r-oldrel-macos-x86_64

Version: 0.2.1
Check: R code for possible problems
Result: NOTE
    fastverse_sitrep: no visible global function definition for ‘...names’
    Undefined global functions or variables:
     ...names
Flavors: r-oldrel-macos-x86_64, r-oldrel-windows-ix86+x86_64