CRAN Package Check Results for Package fastrmodels

Last updated on 2022-08-18 00:54:14 CEST.

Flavor Version Tinstall Tcheck Ttotal Status Flags
r-devel-linux-x86_64-debian-clang 1.0.2 50.52 82.30 132.82 OK
r-devel-linux-x86_64-debian-gcc 1.0.2 OK
r-devel-linux-x86_64-fedora-clang 1.0.2 178.09 NOTE
r-devel-linux-x86_64-fedora-gcc 1.0.2 175.31 OK
r-devel-windows-x86_64 1.0.2 72.00 102.00 174.00 NOTE
r-patched-linux-x86_64 1.0.2 49.31 76.92 126.23 OK
r-release-linux-x86_64 1.0.2 48.47 78.79 127.26 OK
r-release-macos-arm64 1.0.2 70.00 NOTE
r-release-macos-x86_64 1.0.2 85.00 NOTE
r-release-windows-x86_64 1.0.2 54.00 104.00 158.00 NOTE
r-oldrel-macos-arm64 1.0.2 93.00 NOTE
r-oldrel-macos-x86_64 1.0.2 122.00 NOTE
r-oldrel-windows-ix86+x86_64 1.0.2 73.00 101.00 174.00 NOTE

Check Details

Version: 1.0.2
Check: installed package size
Result: NOTE
     installed size is 15.8Mb
     sub-directories of 1Mb or more:
     data 15.7Mb
Flavors: r-devel-linux-x86_64-fedora-clang, r-devel-windows-x86_64, r-release-macos-arm64, r-release-macos-x86_64, r-release-windows-x86_64, r-oldrel-macos-arm64, r-oldrel-macos-x86_64, r-oldrel-windows-ix86+x86_64