CRAN Package Check Results for Package fastrep

Last updated on 2025-01-22 10:48:44 CET.

Flavor Version Tinstall Tcheck Ttotal Status Flags
r-devel-linux-x86_64-debian-clang 0.7 3.60 42.76 46.36 OK
r-devel-linux-x86_64-debian-gcc 0.7 3.05 31.60 34.65 OK
r-devel-linux-x86_64-fedora-clang 0.7 77.05 NOTE
r-devel-linux-x86_64-fedora-gcc 0.7 84.24 NOTE
r-devel-windows-x86_64 0.7 6.00 62.00 68.00 OK
r-patched-linux-x86_64 0.7 3.86 39.32 43.18 OK
r-release-linux-x86_64 0.7 3.94 39.63 43.57 OK
r-release-macos-arm64 0.7 30.00 OK
r-release-macos-x86_64 0.7 48.00 OK
r-release-windows-x86_64 0.7 5.00 62.00 67.00 OK
r-oldrel-macos-arm64 0.7 32.00 OK
r-oldrel-macos-x86_64 0.7 46.00 OK
r-oldrel-windows-x86_64 0.7 7.00 66.00 73.00 OK

Check Details

Version: 0.7
Check: dependencies in R code
Result: NOTE Namespace in Imports field not imported from: ‘ggplot2’ All declared Imports should be used. Flavors: r-devel-linux-x86_64-fedora-clang, r-devel-linux-x86_64-fedora-gcc