CRAN Package Check Results for Package fastpseudo

Last updated on 2022-08-12 18:49:42 CEST.

Flavor Version Tinstall Tcheck Ttotal Status Flags
r-devel-linux-x86_64-debian-clang 0.1 1.68 22.19 23.87 NOTE
r-devel-linux-x86_64-debian-gcc 0.1 1.28 16.97 18.25 NOTE
r-devel-linux-x86_64-fedora-clang 0.1 40.25 NOTE
r-devel-linux-x86_64-fedora-gcc 0.1 37.84 NOTE
r-devel-windows-x86_64 0.1 7.00 46.00 53.00 NOTE
r-patched-linux-x86_64 0.1 2.06 21.71 23.77 NOTE
r-release-linux-x86_64 0.1 1.67 22.08 23.75 NOTE
r-release-macos-arm64 0.1 15.00 NOTE
r-release-macos-x86_64 0.1 20.00 NOTE
r-release-windows-x86_64 0.1 4.00 45.00 49.00 NOTE
r-oldrel-macos-arm64 0.1 16.00 NOTE
r-oldrel-macos-x86_64 0.1 23.00 NOTE
r-oldrel-windows-ix86+x86_64 0.1 5.00 35.00 40.00 NOTE

Check Details

Version: 0.1
Check: LazyData
Result: NOTE
     'LazyData' is specified without a 'data' directory
Flavors: r-devel-linux-x86_64-debian-clang, r-devel-linux-x86_64-debian-gcc, r-devel-linux-x86_64-fedora-clang, r-devel-linux-x86_64-fedora-gcc, r-devel-windows-x86_64, r-patched-linux-x86_64, r-release-linux-x86_64, r-release-macos-arm64, r-release-macos-x86_64, r-release-windows-x86_64, r-oldrel-macos-arm64, r-oldrel-macos-x86_64, r-oldrel-windows-ix86+x86_64