CRAN Package Check Results for Package fastmit

Last updated on 2024-04-14 16:54:47 CEST.

Flavor Version Tinstall Tcheck Ttotal Status Flags
r-devel-linux-x86_64-debian-clang 0.1.1 86.11 30.75 116.86 NOTE
r-devel-linux-x86_64-debian-gcc 0.1.1 64.35 23.49 87.84 NOTE
r-devel-linux-x86_64-fedora-clang 0.1.1 177.99 NOTE
r-devel-linux-x86_64-fedora-gcc 0.1.1 168.05 NOTE
r-devel-windows-x86_64 0.1.1 34.00 63.00 97.00 NOTE
r-patched-linux-x86_64 0.1.1 76.23 29.43 105.66 NOTE
r-release-linux-x86_64 0.1.1 75.88 29.83 105.71 NOTE
r-release-macos-arm64 0.1.1 38.00 NOTE
r-release-macos-x86_64 0.1.1 66.00 NOTE
r-release-windows-x86_64 0.1.1 42.00 69.00 111.00 NOTE
r-oldrel-macos-arm64 0.1.1 38.00 NOTE
r-oldrel-windows-x86_64 0.1.1 44.00 71.00 115.00 NOTE

Check Details

Version: 0.1.1
Check: LazyData
Result: NOTE 'LazyData' is specified without a 'data' directory Flavors: r-devel-linux-x86_64-debian-clang, r-devel-linux-x86_64-debian-gcc, r-devel-linux-x86_64-fedora-clang, r-devel-linux-x86_64-fedora-gcc, r-devel-windows-x86_64, r-patched-linux-x86_64, r-release-linux-x86_64, r-release-macos-arm64, r-release-macos-x86_64, r-release-windows-x86_64, r-oldrel-macos-arm64, r-oldrel-windows-x86_64

Version: 0.1.1
Check: C++ specification
Result: NOTE Specified C++11: please drop specification unless essential Flavors: r-devel-windows-x86_64, r-release-windows-x86_64