CRAN Package Check Results for Package fastmaRching

Last updated on 2019-04-22 19:48:39 CEST.

Flavor Version Tinstall Tcheck Ttotal Status Flags
r-devel-linux-x86_64-debian-clang 1.1.0 2.10 27.75 29.85 OK
r-devel-linux-x86_64-debian-gcc 1.1.0 1.76 21.87 23.63 OK
r-devel-linux-x86_64-fedora-clang 1.1.0 34.77 NOTE
r-devel-linux-x86_64-fedora-gcc 1.1.0 32.70 NOTE
r-devel-windows-ix86+x86_64 1.1.0 6.00 36.00 42.00 OK
r-patched-linux-x86_64 1.1.0 2.14 28.52 30.66 OK
r-patched-solaris-x86 1.1.0 51.90 NOTE
r-release-linux-x86_64 1.1.0 1.27 26.15 27.42 OK
r-release-windows-ix86+x86_64 1.1.0 2.00 49.00 51.00 OK
r-release-osx-x86_64 1.1.0 NOTE
r-oldrel-windows-ix86+x86_64 1.1.0 2.00 48.00 50.00 OK
r-oldrel-osx-x86_64 1.1.0 NOTE

Check Details

Version: 1.1.0
Check: dependencies in R code
Result: NOTE
    Namespace in Imports field not imported from: ‘rgdal’
     All declared Imports should be used.
Flavors: r-devel-linux-x86_64-fedora-clang, r-devel-linux-x86_64-fedora-gcc, r-patched-solaris-x86, r-release-osx-x86_64, r-oldrel-osx-x86_64