CRAN Package Check Results for Package fastmaRching

Last updated on 2019-07-19 15:46:58 CEST.

Flavor Version Tinstall Tcheck Ttotal Status Flags
r-devel-linux-x86_64-debian-clang 1.1.0 1.82 28.10 29.92 OK
r-devel-linux-x86_64-debian-gcc 1.1.0 1.68 22.16 23.84 OK
r-devel-linux-x86_64-fedora-clang 1.1.0 35.60 NOTE
r-devel-linux-x86_64-fedora-gcc 1.1.0 37.32 NOTE
r-devel-windows-ix86+x86_64 1.1.0 6.00 36.00 42.00 OK
r-patched-linux-x86_64 1.1.0 2.06 27.71 29.77 OK
r-patched-solaris-x86 1.1.0 53.30 NOTE
r-release-linux-x86_64 1.1.0 1.91 27.59 29.50 OK
r-release-windows-ix86+x86_64 1.1.0 4.00 37.00 41.00 OK
r-release-osx-x86_64 1.1.0 NOTE
r-oldrel-windows-ix86+x86_64 1.1.0 3.00 52.00 55.00 OK
r-oldrel-osx-x86_64 1.1.0 NOTE

Check Details

Version: 1.1.0
Check: dependencies in R code
Result: NOTE
    Namespace in Imports field not imported from: ‘rgdal’
     All declared Imports should be used.
Flavors: r-devel-linux-x86_64-fedora-clang, r-devel-linux-x86_64-fedora-gcc, r-patched-solaris-x86, r-release-osx-x86_64, r-oldrel-osx-x86_64