Last updated on 2025-01-18 07:50:31 CET.
Flavor | Version | Tinstall | Tcheck | Ttotal | Status | Flags |
---|---|---|---|---|---|---|
r-devel-linux-x86_64-debian-clang | 1.0 | 105.30 | 29.89 | 135.19 | OK | |
r-devel-linux-x86_64-debian-gcc | 1.0 | 72.86 | 22.94 | 95.80 | OK | |
r-devel-linux-x86_64-fedora-clang | 1.0 | 274.86 | OK | |||
r-devel-linux-x86_64-fedora-gcc | 1.0 | 284.56 | OK | |||
r-devel-windows-x86_64 | 1.0 | 104.00 | 75.00 | 179.00 | OK | |
r-patched-linux-x86_64 | 1.0 | 102.42 | 29.14 | 131.56 | OK | |
r-release-linux-x86_64 | 1.0 | 101.99 | 28.75 | 130.74 | OK | |
r-release-macos-arm64 | 1.0 | 56.00 | NOTE | |||
r-release-macos-x86_64 | 1.0 | 59.00 | NOTE | |||
r-release-windows-x86_64 | 1.0 | 103.00 | 76.00 | 179.00 | OK | |
r-oldrel-macos-arm64 | 1.0 | 70.00 | NOTE | |||
r-oldrel-macos-x86_64 | 1.0 | 80.00 | NOTE | |||
r-oldrel-windows-x86_64 | 1.0 | 118.00 | 86.00 | 204.00 | OK |
Version: 1.0
Check: installed package size
Result: NOTE
installed size is 5.7Mb
sub-directories of 1Mb or more:
libs 5.6Mb
Flavors: r-release-macos-arm64, r-release-macos-x86_64, r-oldrel-macos-arm64, r-oldrel-macos-x86_64