Last updated on 2025-01-14 15:49:32 CET.
Flavor | Version | Tinstall | Tcheck | Ttotal | Status | Flags |
---|---|---|---|---|---|---|
r-devel-linux-x86_64-debian-clang | 1.0.0 | 7.73 | 62.90 | 70.63 | OK | |
r-devel-linux-x86_64-debian-gcc | 1.0.0 | 5.48 | 46.59 | 52.07 | OK | |
r-devel-linux-x86_64-fedora-clang | 1.0.0 | 116.53 | NOTE | |||
r-devel-linux-x86_64-fedora-gcc | 1.0.0 | 150.34 | NOTE | |||
r-devel-windows-x86_64 | 1.0.0 | 13.00 | 150.00 | 163.00 | OK | |
r-patched-linux-x86_64 | 1.0.0 | 9.02 | 61.71 | 70.73 | OK | |
r-release-linux-x86_64 | 1.0.0 | 7.51 | 65.24 | 72.75 | OK | |
r-release-macos-arm64 | 1.0.0 | 67.00 | OK | |||
r-release-macos-x86_64 | 1.0.0 | 83.00 | OK | |||
r-release-windows-x86_64 | 1.0.0 | 11.00 | 100.00 | 111.00 | OK | |
r-oldrel-macos-arm64 | 1.0.0 | 66.00 | OK | |||
r-oldrel-macos-x86_64 | 1.0.0 | 172.00 | OK | |||
r-oldrel-windows-x86_64 | 1.0.0 | 12.00 | 114.00 | 126.00 | OK |
Version: 1.0.0
Check: dependencies in R code
Result: NOTE
Namespaces in Imports field not imported from:
‘MASS’ ‘grDevices’ ‘utils’
All declared Imports should be used.
Flavors: r-devel-linux-x86_64-fedora-clang, r-devel-linux-x86_64-fedora-gcc