CRAN Package Check Results for Package fasterElasticNet

Last updated on 2021-12-03 02:48:54 CET.

Flavor Version Tinstall Tcheck Ttotal Status Flags
r-devel-linux-x86_64-debian-clang 1.1.2 55.83 28.85 84.68 OK
r-devel-linux-x86_64-debian-gcc 1.1.2 43.98 23.05 67.03 OK
r-devel-linux-x86_64-fedora-clang 1.1.2 138.48 NOTE
r-devel-linux-x86_64-fedora-gcc 1.1.2 114.92 OK
r-devel-windows-x86_64-new-UL 1.1.2 75.00 90.00 165.00 OK
r-devel-windows-x86_64-new-TK 1.1.2 OK
r-devel-windows-x86_64-old 1.1.2 76.00 48.00 124.00 OK
r-patched-linux-x86_64 1.1.2 46.45 27.95 74.40 OK
r-patched-solaris-x86 1.1.2 120.60 OK
r-release-linux-x86_64 1.1.2 51.44 28.17 79.61 OK
r-release-macos-arm64 1.1.2 NOTE
r-release-macos-x86_64 1.1.2 NOTE
r-release-windows-ix86+x86_64 1.1.2 149.00 74.00 223.00 NOTE
r-oldrel-macos-x86_64 1.1.2 NOTE
r-oldrel-windows-ix86+x86_64 1.1.2 144.00 73.00 217.00 NOTE

Check Details

Version: 1.1.2
Check: installed package size
Result: NOTE
     installed size is 5.1Mb
     sub-directories of 1Mb or more:
     data 3.1Mb
     libs 1.9Mb
Flavors: r-devel-linux-x86_64-fedora-clang, r-release-macos-arm64, r-release-macos-x86_64, r-release-windows-ix86+x86_64, r-oldrel-macos-x86_64, r-oldrel-windows-ix86+x86_64