CRAN Package Check Results for Package fastdigest

Last updated on 2020-04-04 01:52:16 CEST.

Flavor Version Tinstall Tcheck Ttotal Status Flags
r-devel-linux-x86_64-debian-clang 0.6-3 2.85 17.62 20.47 OK
r-devel-linux-x86_64-debian-gcc 0.6-3 2.29 13.83 16.12 OK
r-devel-linux-x86_64-fedora-clang 0.6-3 26.63 NOTE
r-devel-linux-x86_64-fedora-gcc 0.6-3 25.67 NOTE
r-devel-windows-ix86+x86_64 0.6-3 11.00 55.00 66.00 OK
r-devel-windows-ix86+x86_64-gcc8 0.6-3 10.00 35.00 45.00 OK
r-patched-linux-x86_64 0.6-3 2.40 17.27 19.67 OK
r-patched-solaris-x86 0.6-3 42.90 OK
r-release-linux-x86_64 0.6-3 2.20 16.11 18.31 OK
r-release-windows-ix86+x86_64 0.6-3 11.00 33.00 44.00 OK
r-release-osx-x86_64 0.6-3 OK
r-oldrel-windows-ix86+x86_64 0.6-3 7.00 46.00 53.00 OK
r-oldrel-osx-x86_64 0.6-3 OK

Check Details

Version: 0.6-3
Check: compiled code
Result: NOTE
    File ‘fastdigest/libs/fastdigest.so’:
     Found no call to: ‘R_useDynamicSymbols’
    
    It is good practice to register native routines and to disable symbol
    search.
    
    See ‘Writing portable packages’ in the ‘Writing R Extensions’ manual.
Flavors: r-devel-linux-x86_64-fedora-clang, r-devel-linux-x86_64-fedora-gcc