CRAN Package Check Results for Package fastcmh

Last updated on 2022-09-24 22:54:35 CEST.

Flavor Version Tinstall Tcheck Ttotal Status Flags
r-devel-linux-x86_64-debian-clang 0.2.7 36.02 35.38 71.40 OK
r-devel-linux-x86_64-debian-gcc 0.2.7 33.25 27.52 60.77 OK
r-devel-linux-x86_64-fedora-clang 0.2.7 122.86 NOTE
r-devel-linux-x86_64-fedora-gcc 0.2.7 115.67 NOTE
r-devel-windows-x86_64 0.2.7 40.00 90.00 130.00 OK
r-patched-linux-x86_64 0.2.7 40.31 33.83 74.14 OK
r-release-linux-x86_64 0.2.7 35.76 32.84 68.60 OK
r-release-macos-arm64 0.2.7 33.00 OK
r-release-macos-x86_64 0.2.7 41.00 OK
r-release-windows-x86_64 0.2.7 37.00 80.00 117.00 OK
r-oldrel-macos-arm64 0.2.7 37.00 OK
r-oldrel-macos-x86_64 0.2.7 57.00 OK
r-oldrel-windows-ix86+x86_64 0.2.7 103.00 88.00 191.00 OK

Check Details

Version: 0.2.7
Check: compiled code
Result: NOTE
    File ‘fastcmh/libs/fastcmh.so’:
     Found no calls to: ‘R_registerRoutines’, ‘R_useDynamicSymbols’
    
    It is good practice to register native routines and to disable symbol
    search.
    
    See ‘Writing portable packages’ in the ‘Writing R Extensions’ manual.
Flavors: r-devel-linux-x86_64-fedora-clang, r-devel-linux-x86_64-fedora-gcc