CRAN Package Check Results for Package fastText

Last updated on 2021-10-18 19:51:34 CEST.

Flavor Version Tinstall Tcheck Ttotal Status Flags
r-devel-linux-x86_64-debian-clang 1.0.1 59.04 76.29 135.33 OK
r-devel-linux-x86_64-debian-gcc 1.0.1 43.11 58.02 101.13 OK
r-devel-linux-x86_64-fedora-clang 1.0.1 205.99 NOTE
r-devel-linux-x86_64-fedora-gcc 1.0.1 172.66 OK
r-devel-windows-x86_64 1.0.1 81.00 162.00 243.00 OK
r-devel-windows-x86_64-gcc10-UCRT 1.0.1 OK
r-patched-linux-x86_64 1.0.1 55.55 71.66 127.21 OK
r-patched-solaris-x86 1.0.1 207.50 OK
r-release-linux-x86_64 1.0.1 53.30 71.81 125.11 OK
r-release-macos-arm64 1.0.1 NOTE
r-release-macos-x86_64 1.0.1 NOTE
r-release-windows-ix86+x86_64 1.0.1 157.00 210.00 367.00 NOTE
r-oldrel-macos-x86_64 1.0.1 NOTE
r-oldrel-windows-ix86+x86_64 1.0.1 160.00 207.00 367.00 NOTE

Check Details

Version: 1.0.1
Check: installed package size
Result: NOTE
     installed size is 6.0Mb
     sub-directories of 1Mb or more:
     doc 1.7Mb
     libs 3.2Mb
Flavors: r-devel-linux-x86_64-fedora-clang, r-release-macos-arm64, r-release-macos-x86_64, r-release-windows-ix86+x86_64, r-oldrel-macos-x86_64, r-oldrel-windows-ix86+x86_64